{"id":285,"date":"2018-01-21T21:06:47","date_gmt":"2018-01-21T20:06:47","guid":{"rendered":"http:\/\/theatre-cancoillotte.fr\/?page_id=285"},"modified":"2018-02-10T09:55:11","modified_gmt":"2018-02-10T08:55:11","slug":"bandb","status":"publish","type":"page","link":"http:\/\/theatre-cancoillotte.fr\/index.php\/bandb\/","title":{"rendered":"B and B"},"content":{"rendered":"<p><span style=\"color: #0000ff;\"><em><strong>B and B <\/strong><\/em><\/span>est une com\u00e9die en cinq actes d&rsquo;Andr\u00e9e Robin-Ligot.<\/p>\n<p><span style=\"color: #0000ff;\"><em><strong>R\u00e9sum\u00e9<\/strong><\/em><\/span><\/p>\n<p>Un blocus \u00e9conomique Franco-Anglais fait brusquement de Georges, 45 ans cadre sup\u00e9rieur d&rsquo;une usine de produits de beaut\u00e9, un ch\u00f4meur. Que faire par ces temps de crise \u00e0 45 ans ? En attendant mieux, Papy, le p\u00e8re de Sylvie, colonel en retraite vivant au m\u00eame domicile, sugg\u00e8re \u00e0 la famille de consacrer une partie de la maison \u00e0 l&rsquo;accueil des estivants fran\u00e7ais et \u00e9trangers, en leur proposant Chambre et Petit D\u00e9jeuner (Bed and Breakfast).<\/p>\n<p>Richard, le fils de la maison, ravi, voit tout de suite le parti qu&rsquo;il va pouvoir tirer de cette situation : introduire sous le toit familial, \u00e0 l&rsquo;insu de tous, l&rsquo;objet de ses amours, Fiona, une jeune anglaise qu&rsquo;il a connue lors de ses s\u00e9jours linguistiques en Angleterre et qu&rsquo;il ne voit que trop rarement. Avec la complicit\u00e9 de Papy, il met son plan \u00e0 ex\u00e9cution.<\/p>\n<p>Seulement, Fiona a une tante ! Et quelle tante ! Et un couple de Punk pittoresques voudrait bien, lui aussi, poser ses bagages dans ce B and B et s&rsquo;y incruster le temps de transformer le salon en discoth\u00e8que. De plus, l&rsquo;ancien patron de Georges, plut\u00f4t sonn\u00e9 par ses r\u00e9cents d\u00e9boires professionnels, veut absolument trouver consolation et compr\u00e9hension pr\u00e8s de son ancien bras droit !<\/p>\n<p><span style=\"color: #0000ff;\"><em><strong>Distribution \u00e0 la Cancoillotte<\/strong><\/em><\/span><\/p>\n<p>Mise en sc\u00e8ne : Pierre Arnaud<\/p>\n<p>GEORGES FAUCHARD : Jean Perrot<br \/>\nSYLVIE FAUCHARD : Patricia Gottschalk<br \/>\nRENE HAUTECOURT : Andr\u00e9 Grosperrin<br \/>\nBERNADETTE\u00a0 : H\u00e9l\u00e8ne de Lachaise<br \/>\nELISABETH MAC JUNKET : Anne-Marie Perrot<br \/>\nFIONA : Brigitte Borel<br \/>\nSUZY : Corentine Chavelet<br \/>\nLOULOU : Martin de Vesvrotte<br \/>\nMASQUENETTE : Pierre Chavelet<br \/>\nJULIEN : Charles Gottschalk<\/p>\n<p><span style=\"color: #0000ff;\"><strong><em>Affiche, flyer et photos<br \/>\n<\/em><\/strong><\/span><\/p>\n<style type=\"text\/css\">\n#foogallery-gallery-289.fg-masonry .fg-item { width: 150px; }\n#foogallery-gallery-289.fg-masonry { --fg-gutter: 10px; }<\/style>\n\t\t\t<div class=\"foogallery foogallery-container foogallery-masonry foogallery-lightbox-foobox fg-center fg-masonry fg-ready fg-light fg-border-thin fg-shadow-outline fg-loading-default fg-loaded-fade-in fg-caption-hover fg-hover-fade fg-hover-zoom fg-fixed\" id=\"foogallery-gallery-289\" data-foogallery=\"{&quot;item&quot;:{&quot;showCaptionTitle&quot;:true,&quot;showCaptionDescription&quot;:true},&quot;lazy&quot;:true,&quot;template&quot;:{&quot;columnWidth&quot;:150,&quot;gutter&quot;:10}}\" style=\"--fg-title-line-clamp: 0; --fg-description-line-clamp: 0;\" >\n\t\t<div class=\"fg-item fg-type-image fg-idle\"><figure class=\"fg-item-inner\"><a href=\"http:\/\/theatre-cancoillotte.fr\/wp-content\/uploads\/2018\/02\/Bandb-Affiche.jpg\" data-attachment-id=\"763\" data-e-disable-page-transition=\"true\" data-type=\"image\" class=\"fg-thumb\"><span class=\"fg-image-wrap\"><img fetchpriority=\"high\" decoding=\"async\" width=\"150\" height=\"352\" class=\"skip-lazy fg-image\" data-src-fg=\"http:\/\/theatre-cancoillotte.fr\/wp-content\/uploads\/cache\/2018\/02\/Bandb-Affiche\/967991793.jpg\" src=\"data:image\/svg+xml,%3Csvg%20xmlns%3D%22http%3A%2F%2Fwww.w3.org%2F2000%2Fsvg%22%20width%3D%22150%22%20height%3D%22352%22%20viewBox%3D%220%200%20150%20352%22%3E%3C%2Fsvg%3E\" loading=\"eager\"><\/span><span class=\"fg-image-overlay\"><\/span><\/a><\/figure><div class=\"fg-loader\"><\/div><\/div><div class=\"fg-item fg-type-image fg-idle\"><figure class=\"fg-item-inner\"><a href=\"http:\/\/theatre-cancoillotte.fr\/wp-content\/uploads\/2018\/01\/B-and-B-Flyer-recto.jpg\" data-attachment-id=\"251\" data-e-disable-page-transition=\"true\" data-type=\"image\" class=\"fg-thumb\"><span class=\"fg-image-wrap\"><img decoding=\"async\" width=\"150\" height=\"109\" class=\"skip-lazy fg-image\" data-src-fg=\"http:\/\/theatre-cancoillotte.fr\/wp-content\/uploads\/cache\/2018\/01\/B-and-B-Flyer-recto\/1190775164.jpg\" src=\"data:image\/svg+xml,%3Csvg%20xmlns%3D%22http%3A%2F%2Fwww.w3.org%2F2000%2Fsvg%22%20width%3D%22150%22%20height%3D%22109%22%20viewBox%3D%220%200%20150%20109%22%3E%3C%2Fsvg%3E\" loading=\"eager\"><\/span><span class=\"fg-image-overlay\"><\/span><\/a><\/figure><div class=\"fg-loader\"><\/div><\/div><div class=\"fg-item fg-type-image fg-idle\"><figure class=\"fg-item-inner\"><a href=\"http:\/\/theatre-cancoillotte.fr\/wp-content\/uploads\/2018\/01\/B-and-B-Flyer-verso.jpg\" data-attachment-id=\"252\" data-e-disable-page-transition=\"true\" data-type=\"image\" class=\"fg-thumb\"><span class=\"fg-image-wrap\"><img decoding=\"async\" width=\"150\" height=\"109\" class=\"skip-lazy fg-image\" data-src-fg=\"http:\/\/theatre-cancoillotte.fr\/wp-content\/uploads\/cache\/2018\/01\/B-and-B-Flyer-verso\/4139719211.jpg\" src=\"data:image\/svg+xml,%3Csvg%20xmlns%3D%22http%3A%2F%2Fwww.w3.org%2F2000%2Fsvg%22%20width%3D%22150%22%20height%3D%22109%22%20viewBox%3D%220%200%20150%20109%22%3E%3C%2Fsvg%3E\" loading=\"eager\"><\/span><span class=\"fg-image-overlay\"><\/span><\/a><\/figure><div class=\"fg-loader\"><\/div><\/div><\/div>\n","protected":false},"excerpt":{"rendered":"<p>B and B est une com\u00e9die en cinq actes d&rsquo;Andr\u00e9e Robin-Ligot. R\u00e9sum\u00e9 Un blocus \u00e9conomique Franco-Anglais fait brusquement de Georges, 45 ans cadre sup\u00e9rieur d&rsquo;une usine de produits de beaut\u00e9, un ch\u00f4meur. Que faire par ces temps de crise \u00e0 45 ans ? En attendant mieux, Papy, le p\u00e8re de Sylvie, colonel en retraite vivantLire la suite &rarr;<\/p>\n","protected":false},"author":1,"featured_media":0,"parent":0,"menu_order":0,"comment_status":"closed","ping_status":"closed","template":"","meta":{"sfsi_plus_gutenberg_text_before_share":"","sfsi_plus_gutenberg_show_text_before_share":"","sfsi_plus_gutenberg_icon_type":"","sfsi_plus_gutenberg_icon_alignemt":"","sfsi_plus_gutenburg_max_per_row":"","footnotes":""},"class_list":["post-285","page","type-page","status-publish","hentry","no-thumb"],"_links":{"self":[{"href":"http:\/\/theatre-cancoillotte.fr\/index.php\/wp-json\/wp\/v2\/pages\/285","targetHints":{"allow":["GET"]}}],"collection":[{"href":"http:\/\/theatre-cancoillotte.fr\/index.php\/wp-json\/wp\/v2\/pages"}],"about":[{"href":"http:\/\/theatre-cancoillotte.fr\/index.php\/wp-json\/wp\/v2\/types\/page"}],"author":[{"embeddable":true,"href":"http:\/\/theatre-cancoillotte.fr\/index.php\/wp-json\/wp\/v2\/users\/1"}],"replies":[{"embeddable":true,"href":"http:\/\/theatre-cancoillotte.fr\/index.php\/wp-json\/wp\/v2\/comments?post=285"}],"version-history":[{"count":8,"href":"http:\/\/theatre-cancoillotte.fr\/index.php\/wp-json\/wp\/v2\/pages\/285\/revisions"}],"predecessor-version":[{"id":774,"href":"http:\/\/theatre-cancoillotte.fr\/index.php\/wp-json\/wp\/v2\/pages\/285\/revisions\/774"}],"wp:attachment":[{"href":"http:\/\/theatre-cancoillotte.fr\/index.php\/wp-json\/wp\/v2\/media?parent=285"}],"curies":[{"name":"wp","href":"https:\/\/api.w.org\/{rel}","templated":true}]}}

<p><span style="color: #0000ff;"><em><strong>B and B </strong></em></span>est une comédie en cinq actes d&rsquo;Andrée Robin-Ligot.</p>
<p><span style="color: #0000ff;"><em><strong>Résumé</strong></em></span></p>
<p>Un blocus économique Franco-Anglais fait brusquement de Georges, 45 ans cadre supérieur d&rsquo;une usine de produits de beauté, un chômeur. Que faire par ces temps de crise à 45 ans ? En attendant mieux, Papy, le père de Sylvie, colonel en retraite vivant au même domicile, suggère à la famille de consacrer une partie de la maison à l&rsquo;accueil des estivants français et étrangers, en leur proposant Chambre et Petit Déjeuner (Bed and Breakfast).</p>
<p>Richard, le fils de la maison, ravi, voit tout de suite le parti qu&rsquo;il va pouvoir tirer de cette situation : introduire sous le toit familial, à l&rsquo;insu de tous, l&rsquo;objet de ses amours, Fiona, une jeune anglaise qu&rsquo;il a connue lors de ses séjours linguistiques en Angleterre et qu&rsquo;il ne voit que trop rarement. Avec la complicité de Papy, il met son plan à exécution.</p>
<p>Seulement, Fiona a une tante ! Et quelle tante ! Et un couple de Punk pittoresques voudrait bien, lui aussi, poser ses bagages dans ce B and B et s&rsquo;y incruster le temps de transformer le salon en discothèque. De plus, l&rsquo;ancien patron de Georges, plutôt sonné par ses récents déboires professionnels, veut absolument trouver consolation et compréhension près de son ancien bras droit !</p>
<p><span style="color: #0000ff;"><em><strong>Distribution à la Cancoillotte</strong></em></span></p>
<p>Mise en scène : Pierre Arnaud</p>
<p>GEORGES FAUCHARD : Jean Perrot<br />
SYLVIE FAUCHARD : Patricia Gottschalk<br />
RENE HAUTECOURT : André Grosperrin<br />
BERNADETTE  : Hélène de Lachaise<br />
ELISABETH MAC JUNKET : Anne-Marie Perrot<br />
FIONA : Brigitte Borel<br />
SUZY : Corentine Chavelet<br />
LOULOU : Martin de Vesvrotte<br />
MASQUENETTE : Pierre Chavelet<br />
JULIEN : Charles Gottschalk</p>
<p><span style="color: #0000ff;"><strong><em>Affiche, flyer et photos<br />
</em></strong></span></p>
<style type="text/css">
#foogallery-gallery-289.fg-masonry .fg-item { width: 150px; }
#foogallery-gallery-289.fg-masonry { --fg-gutter: 10px; }</style>
			<div class="foogallery foogallery-container foogallery-masonry foogallery-lightbox-foobox fg-center fg-masonry fg-ready fg-light fg-border-thin fg-shadow-outline fg-loading-default fg-loaded-fade-in fg-caption-hover fg-hover-fade fg-hover-zoom fg-fixed" id="foogallery-gallery-289" data-foogallery="{&quot;item&quot;:{&quot;showCaptionTitle&quot;:true,&quot;showCaptionDescription&quot;:true},&quot;lazy&quot;:true,&quot;template&quot;:{&quot;columnWidth&quot;:150,&quot;gutter&quot;:10}}" style="--fg-title-line-clamp: 0; --fg-description-line-clamp: 0;" >
		<div class="fg-item fg-type-image fg-idle"><figure class="fg-item-inner"><a href="http://theatre-cancoillotte.fr/wp-content/uploads/2018/02/Bandb-Affiche.jpg" data-attachment-id="763" data-e-disable-page-transition="true" data-type="image" class="fg-thumb"><span class="fg-image-wrap"><img fetchpriority="high" decoding="async" width="150" height="352" class="skip-lazy fg-image" data-src-fg="http://theatre-cancoillotte.fr/wp-content/uploads/cache/2018/02/Bandb-Affiche/967991793.jpg" src="data:image/svg+xml,%3Csvg%20xmlns%3D%22http%3A%2F%2Fwww.w3.org%2F2000%2Fsvg%22%20width%3D%22150%22%20height%3D%22352%22%20viewBox%3D%220%200%20150%20352%22%3E%3C%2Fsvg%3E" loading="eager"></span><span class="fg-image-overlay"></span></a></figure><div class="fg-loader"></div></div><div class="fg-item fg-type-image fg-idle"><figure class="fg-item-inner"><a href="http://theatre-cancoillotte.fr/wp-content/uploads/2018/01/B-and-B-Flyer-recto.jpg" data-attachment-id="251" data-e-disable-page-transition="true" data-type="image" class="fg-thumb"><span class="fg-image-wrap"><img decoding="async" width="150" height="109" class="skip-lazy fg-image" data-src-fg="http://theatre-cancoillotte.fr/wp-content/uploads/cache/2018/01/B-and-B-Flyer-recto/1190775164.jpg" src="data:image/svg+xml,%3Csvg%20xmlns%3D%22http%3A%2F%2Fwww.w3.org%2F2000%2Fsvg%22%20width%3D%22150%22%20height%3D%22109%22%20viewBox%3D%220%200%20150%20109%22%3E%3C%2Fsvg%3E" loading="eager"></span><span class="fg-image-overlay"></span></a></figure><div class="fg-loader"></div></div><div class="fg-item fg-type-image fg-idle"><figure class="fg-item-inner"><a href="http://theatre-cancoillotte.fr/wp-content/uploads/2018/01/B-and-B-Flyer-verso.jpg" data-attachment-id="252" data-e-disable-page-transition="true" data-type="image" class="fg-thumb"><span class="fg-image-wrap"><img decoding="async" width="150" height="109" class="skip-lazy fg-image" data-src-fg="http://theatre-cancoillotte.fr/wp-content/uploads/cache/2018/01/B-and-B-Flyer-verso/4139719211.jpg" src="data:image/svg+xml,%3Csvg%20xmlns%3D%22http%3A%2F%2Fwww.w3.org%2F2000%2Fsvg%22%20width%3D%22150%22%20height%3D%22109%22%20viewBox%3D%220%200%20150%20109%22%3E%3C%2Fsvg%3E" loading="eager"></span><span class="fg-image-overlay"></span></a></figure><div class="fg-loader"></div></div></div>

<p>B and B est une comédie en cinq actes d&rsquo;Andrée Robin-Ligot. Résumé Un blocus économique Franco-Anglais fait brusquement de Georges, 45 ans cadre supérieur d&rsquo;une usine de produits de beauté, un chômeur. Que faire par ces temps de crise à 45 ans ? En attendant mieux, Papy, le père de Sylvie, colonel en retraite vivantLire la suite &rarr;</p>
