{"id":295,"date":"2018-01-21T21:23:27","date_gmt":"2018-01-21T20:23:27","guid":{"rendered":"http:\/\/theatre-cancoillotte.fr\/?page_id=295"},"modified":"2018-02-04T21:35:06","modified_gmt":"2018-02-04T20:35:06","slug":"coquin","status":"publish","type":"page","link":"http:\/\/theatre-cancoillotte.fr\/index.php\/coquin\/","title":{"rendered":"Coquin de sort"},"content":{"rendered":"<p><em><strong><span style=\"color: #0000ff;\">Coquin de sort<\/span><\/strong><\/em> est une com\u00e9die polici\u00e8re d&rsquo;Andr\u00e9e Robin-Ligot.<\/p>\n<p><em><strong><span style=\"color: #0000ff;\">R\u00e9sum\u00e9<\/span><\/strong><\/em><\/p>\n<p>Une maison de retraite qui n&rsquo;est pas de tout repos ! Des pensionnaires hauts en couleurs cohabitent dans leurs excentricit\u00e9s, mais des morts inexpliqu\u00e9es viennent troubler l&rsquo;ambiance de la maison. Pendant 1h30, les spectateurs accompagnent \u00ab\u00a0Gis\u00e8le\u00a0\u00bb dans la recherche du coupable &#8230;<\/p>\n<p><em><strong><span style=\"color: #0000ff;\">Distribution \u00e0 la Cancoillotte<\/span><\/strong><\/em><\/p>\n<p>Mise en sc\u00e8ne : H\u00e9l\u00e8ne de Lachaise<\/p>\n<p>GISELE : Arielle Guinchard<br \/>\nL&rsquo;INSPECTEUR CHARLY : J\u00e9r\u00f4me Plancquaert<br \/>\nLE DIRECTEUR : Philippe Coste<br \/>\nHERMINE : H\u00e9l\u00e8ne Guilbert<br \/>\nL&rsquo;AMIRAL : Jean Perrot<br \/>\nERNEST : Fran\u00e7ois Gilson<br \/>\nALBANE : Christine de Vesvrotte<br \/>\nSIMONE : Anne-Marie Perrot<br \/>\nCOCO : Anne Rivoire<br \/>\nDEUXIEME INSPECTEUR : Dominique Baudiquey<br \/>\nL&rsquo;ANIMATRICE : Marie-Dominique Bretagne<br \/>\nL&rsquo;INFIRMIERE : V\u00e9ronique Labat<\/p>\n<p><em><strong><span style=\"color: #0000ff;\">Le Flyer et les photos<\/span><\/strong><\/em><\/p>\n<style type=\"text\/css\">\n#foogallery-gallery-294.fg-masonry .fg-item { width: 150px; }\n#foogallery-gallery-294.fg-masonry { --fg-gutter: 10px; }<\/style>\n\t\t\t<div class=\"foogallery foogallery-container foogallery-masonry foogallery-lightbox-foobox fg-center fg-masonry fg-ready fg-light fg-border-thin fg-shadow-outline fg-loading-default fg-loaded-fade-in fg-caption-hover fg-hover-fade fg-hover-zoom fg-fixed\" id=\"foogallery-gallery-294\" data-foogallery=\"{&quot;item&quot;:{&quot;showCaptionTitle&quot;:true,&quot;showCaptionDescription&quot;:true},&quot;lazy&quot;:true,&quot;template&quot;:{&quot;columnWidth&quot;:150,&quot;gutter&quot;:10}}\" style=\"--fg-title-line-clamp: 0; --fg-description-line-clamp: 0;\" >\n\t\t<div class=\"fg-item fg-type-image fg-idle\"><figure class=\"fg-item-inner\"><a href=\"http:\/\/theatre-cancoillotte.fr\/wp-content\/uploads\/2018\/01\/Coquin-sort-Flyer-recto.jpg\" data-attachment-id=\"256\" data-e-disable-page-transition=\"true\" data-type=\"image\" class=\"fg-thumb\"><span class=\"fg-image-wrap\"><img decoding=\"async\" width=\"150\" height=\"109\" class=\"skip-lazy fg-image\" data-src-fg=\"http:\/\/theatre-cancoillotte.fr\/wp-content\/uploads\/cache\/2018\/01\/Coquin-sort-Flyer-recto\/425709307.jpg\" src=\"data:image\/svg+xml,%3Csvg%20xmlns%3D%22http%3A%2F%2Fwww.w3.org%2F2000%2Fsvg%22%20width%3D%22150%22%20height%3D%22109%22%20viewBox%3D%220%200%20150%20109%22%3E%3C%2Fsvg%3E\" loading=\"eager\"><\/span><span class=\"fg-image-overlay\"><\/span><\/a><\/figure><div class=\"fg-loader\"><\/div><\/div><div class=\"fg-item fg-type-image fg-idle\"><figure class=\"fg-item-inner\"><a href=\"http:\/\/theatre-cancoillotte.fr\/wp-content\/uploads\/2018\/01\/Coquin-de-sort-Flyer-verso.jpg\" data-attachment-id=\"255\" data-e-disable-page-transition=\"true\" data-type=\"image\" class=\"fg-thumb\"><span class=\"fg-image-wrap\"><img decoding=\"async\" width=\"150\" height=\"109\" class=\"skip-lazy fg-image\" data-src-fg=\"http:\/\/theatre-cancoillotte.fr\/wp-content\/uploads\/cache\/2018\/01\/Coquin-de-sort-Flyer-verso\/2134020555.jpg\" src=\"data:image\/svg+xml,%3Csvg%20xmlns%3D%22http%3A%2F%2Fwww.w3.org%2F2000%2Fsvg%22%20width%3D%22150%22%20height%3D%22109%22%20viewBox%3D%220%200%20150%20109%22%3E%3C%2Fsvg%3E\" loading=\"eager\"><\/span><span class=\"fg-image-overlay\"><\/span><\/a><\/figure><div class=\"fg-loader\"><\/div><\/div><div class=\"fg-item fg-type-image fg-idle\"><figure class=\"fg-item-inner\"><a href=\"http:\/\/theatre-cancoillotte.fr\/wp-content\/uploads\/2018\/01\/Coquin-sort-03.jpg\" data-attachment-id=\"293\" data-e-disable-page-transition=\"true\" data-type=\"image\" class=\"fg-thumb\"><span class=\"fg-image-wrap\"><img decoding=\"async\" width=\"150\" height=\"206\" class=\"skip-lazy fg-image\" data-src-fg=\"http:\/\/theatre-cancoillotte.fr\/wp-content\/uploads\/cache\/2018\/01\/Coquin-sort-03\/1389125513.jpg\" src=\"data:image\/svg+xml,%3Csvg%20xmlns%3D%22http%3A%2F%2Fwww.w3.org%2F2000%2Fsvg%22%20width%3D%22150%22%20height%3D%22206%22%20viewBox%3D%220%200%20150%20206%22%3E%3C%2Fsvg%3E\" loading=\"eager\"><\/span><span class=\"fg-image-overlay\"><\/span><\/a><\/figure><div class=\"fg-loader\"><\/div><\/div><div class=\"fg-item fg-type-image fg-idle\"><figure class=\"fg-item-inner\"><a href=\"http:\/\/theatre-cancoillotte.fr\/wp-content\/uploads\/2018\/01\/Coquin-sort-02.jpg\" data-attachment-id=\"292\" data-e-disable-page-transition=\"true\" data-type=\"image\" class=\"fg-thumb\"><span class=\"fg-image-wrap\"><img decoding=\"async\" width=\"150\" height=\"206\" class=\"skip-lazy fg-image\" data-src-fg=\"http:\/\/theatre-cancoillotte.fr\/wp-content\/uploads\/cache\/2018\/01\/Coquin-sort-02\/4040345989.jpg\" src=\"data:image\/svg+xml,%3Csvg%20xmlns%3D%22http%3A%2F%2Fwww.w3.org%2F2000%2Fsvg%22%20width%3D%22150%22%20height%3D%22206%22%20viewBox%3D%220%200%20150%20206%22%3E%3C%2Fsvg%3E\" loading=\"eager\"><\/span><span class=\"fg-image-overlay\"><\/span><\/a><\/figure><div class=\"fg-loader\"><\/div><\/div><div class=\"fg-item fg-type-image fg-idle\"><figure class=\"fg-item-inner\"><a href=\"http:\/\/theatre-cancoillotte.fr\/wp-content\/uploads\/2018\/01\/Coquin-sort-01.jpg\" data-attachment-id=\"291\" data-e-disable-page-transition=\"true\" data-type=\"image\" class=\"fg-thumb\"><span class=\"fg-image-wrap\"><img decoding=\"async\" width=\"150\" height=\"206\" class=\"skip-lazy fg-image\" data-src-fg=\"http:\/\/theatre-cancoillotte.fr\/wp-content\/uploads\/cache\/2018\/01\/Coquin-sort-01\/3447748048.jpg\" src=\"data:image\/svg+xml,%3Csvg%20xmlns%3D%22http%3A%2F%2Fwww.w3.org%2F2000%2Fsvg%22%20width%3D%22150%22%20height%3D%22206%22%20viewBox%3D%220%200%20150%20206%22%3E%3C%2Fsvg%3E\" loading=\"eager\"><\/span><span class=\"fg-image-overlay\"><\/span><\/a><\/figure><div class=\"fg-loader\"><\/div><\/div><\/div>\n","protected":false},"excerpt":{"rendered":"<p>Coquin de sort est une com\u00e9die polici\u00e8re d&rsquo;Andr\u00e9e Robin-Ligot. R\u00e9sum\u00e9 Une maison de retraite qui n&rsquo;est pas de tout repos ! Des pensionnaires hauts en couleurs cohabitent dans leurs excentricit\u00e9s, mais des morts inexpliqu\u00e9es viennent troubler l&rsquo;ambiance de la maison. Pendant 1h30, les spectateurs accompagnent \u00ab\u00a0Gis\u00e8le\u00a0\u00bb dans la recherche du coupable &#8230; Distribution \u00e0 laLire la suite &rarr;<\/p>\n","protected":false},"author":1,"featured_media":0,"parent":0,"menu_order":0,"comment_status":"closed","ping_status":"closed","template":"","meta":{"sfsi_plus_gutenberg_text_before_share":"","sfsi_plus_gutenberg_show_text_before_share":"","sfsi_plus_gutenberg_icon_type":"","sfsi_plus_gutenberg_icon_alignemt":"","sfsi_plus_gutenburg_max_per_row":"","footnotes":""},"class_list":["post-295","page","type-page","status-publish","hentry","no-thumb"],"_links":{"self":[{"href":"http:\/\/theatre-cancoillotte.fr\/index.php\/wp-json\/wp\/v2\/pages\/295","targetHints":{"allow":["GET"]}}],"collection":[{"href":"http:\/\/theatre-cancoillotte.fr\/index.php\/wp-json\/wp\/v2\/pages"}],"about":[{"href":"http:\/\/theatre-cancoillotte.fr\/index.php\/wp-json\/wp\/v2\/types\/page"}],"author":[{"embeddable":true,"href":"http:\/\/theatre-cancoillotte.fr\/index.php\/wp-json\/wp\/v2\/users\/1"}],"replies":[{"embeddable":true,"href":"http:\/\/theatre-cancoillotte.fr\/index.php\/wp-json\/wp\/v2\/comments?post=295"}],"version-history":[{"count":8,"href":"http:\/\/theatre-cancoillotte.fr\/index.php\/wp-json\/wp\/v2\/pages\/295\/revisions"}],"predecessor-version":[{"id":1334,"href":"http:\/\/theatre-cancoillotte.fr\/index.php\/wp-json\/wp\/v2\/pages\/295\/revisions\/1334"}],"wp:attachment":[{"href":"http:\/\/theatre-cancoillotte.fr\/index.php\/wp-json\/wp\/v2\/media?parent=295"}],"curies":[{"name":"wp","href":"https:\/\/api.w.org\/{rel}","templated":true}]}}