{"id":374,"date":"2018-01-25T13:42:06","date_gmt":"2018-01-25T12:42:06","guid":{"rendered":"http:\/\/theatre-cancoillotte.fr\/?page_id=374"},"modified":"2026-01-18T07:42:51","modified_gmt":"2026-01-18T06:42:51","slug":"apres-midi","status":"publish","type":"page","link":"http:\/\/theatre-cancoillotte.fr\/index.php\/apres-midi\/","title":{"rendered":"C&rsquo;est encore mieux l&rsquo;apr\u00e8s-midi"},"content":{"rendered":"<p><em><strong><span style=\"color: #0000ff;\">C&rsquo;est encore mieux l&rsquo;apr\u00e8s-midi<\/span><\/strong><\/em> est une com\u00e9die de Ray Cooney.<\/p>\n<p>Elle a \u00e9t\u00e9 jou\u00e9e par notre Compagnie en octobre 2011 et en mai 2012.<\/p>\n<p><em><strong><span style=\"color: #0000ff;\">R\u00e9sum\u00e9<\/span><\/strong><\/em><\/p>\n<p>Dans un h\u00f4tel proche de l&rsquo;Assembl\u00e9e Nationale, Richard, d\u00e9put\u00e9 qui d\u00e9fend la vertu, a donn\u00e9 rendez-vous \u00e0 la secr\u00e9taire du Premier Ministre. Christine, sa femme, qu devait aller au th\u00e9\u00e2tre, pr\u00e9f\u00e8re passer l&rsquo;apr\u00e8s-midi avec Georges, le secr\u00e9taire gaffeur. Florentine Duray, d\u00e9put\u00e9e de l&rsquo;opposition, r\u00e9side dans le m\u00eame h\u00f4tel &#8230;<\/p>\n<p>Avec une directrice tenant son \u00e9tablissement d&rsquo;une main de fer, un serveur anglais, une femme de chambre espagnole, une r\u00e9ceptionniste pointilleuse, un mari qui est opportun\u00e9ment parti skier en Italie, tous les ingr\u00e9dients sont r\u00e9unis pour une com\u00e9die d\u00e9sopilante. Les portes claquent, les baignoires d\u00e9bordent &#8230; mais la morale est sauve !<\/p>\n<p><em><strong><span style=\"color: #0000ff;\">Distribution \u00e0 la Cancoillotte<\/span><\/strong><\/em><\/p>\n<p>Mise en sc\u00e8ne : Jean Perrot<\/p>\n<p>RICHARD MARCHELIER : J\u00e9r\u00f4me Plancquaert<br \/>\nCHRISTINE MARCHELIER : Brigitte Borel<br \/>\nLA R\u00c9CEPTIONNISTE : Val\u00e9rie Arnaud<br \/>\nLE SERVEUR : Alexandre Gottschalk<br \/>\nFLORENTINE DURAY : H\u00e9l\u00e8ne de Lachaise<br \/>\nLA DIRECTRICE DE L&rsquo;H\u00d4TEL : Anne-Maire Perrot<br \/>\nGEORGES PIGIER : Pierre Arnaud<br \/>\nMARIA : Fabienne Bozon<br \/>\nST\u00c9PHANIE MARGELLE : Catherine Breton<br \/>\nG\u00c9RARD MARGELLE : Fran\u00e7ois Gilson<br \/>\nLES CLIENTS : Nathalie Bourdon, Henry Labat, Andr\u00e9 Grosperrin<\/p>\n<p><em><strong><span style=\"color: #0000ff;\">Le Flyer et les photos<\/span><\/strong><\/em><\/p>\n<style type=\"text\/css\">\n#foogallery-gallery-380.fg-masonry .fg-item { width: 150px; }\n#foogallery-gallery-380.fg-masonry { --fg-gutter: 10px; }<\/style>\n\t\t\t<div class=\"foogallery foogallery-container foogallery-masonry foogallery-lightbox-foobox fg-center fg-masonry fg-ready fg-light fg-border-thin fg-shadow-outline fg-loading-default fg-loaded-fade-in fg-caption-hover fg-hover-fade fg-hover-zoom fg-fixed\" id=\"foogallery-gallery-380\" data-foogallery=\"{&quot;item&quot;:{&quot;showCaptionTitle&quot;:true,&quot;showCaptionDescription&quot;:true},&quot;lazy&quot;:true,&quot;template&quot;:{&quot;columnWidth&quot;:150,&quot;gutter&quot;:10}}\" style=\"--fg-title-line-clamp: 0; --fg-description-line-clamp: 0;\" >\n\t\t<div class=\"fg-item fg-type-image fg-idle\"><figure class=\"fg-item-inner\"><a href=\"http:\/\/theatre-cancoillotte.fr\/wp-content\/uploads\/2018\/01\/Apres-midi-Flyer-recto.jpg\" data-attachment-id=\"378\" data-e-disable-page-transition=\"true\" data-type=\"image\" class=\"fg-thumb\"><span class=\"fg-image-wrap\"><img decoding=\"async\" width=\"150\" height=\"109\" class=\"skip-lazy fg-image\" data-src-fg=\"http:\/\/theatre-cancoillotte.fr\/wp-content\/uploads\/cache\/2018\/01\/Apres-midi-Flyer-recto\/2542990093.jpg\" src=\"data:image\/svg+xml,%3Csvg%20xmlns%3D%22http%3A%2F%2Fwww.w3.org%2F2000%2Fsvg%22%20width%3D%22150%22%20height%3D%22109%22%20viewBox%3D%220%200%20150%20109%22%3E%3C%2Fsvg%3E\" loading=\"eager\"><\/span><span class=\"fg-image-overlay\"><\/span><\/a><\/figure><div class=\"fg-loader\"><\/div><\/div><div class=\"fg-item fg-type-image fg-idle\"><figure class=\"fg-item-inner\"><a href=\"http:\/\/theatre-cancoillotte.fr\/wp-content\/uploads\/2018\/01\/Apres-midi-Flyer-verso.jpg\" data-attachment-id=\"379\" data-e-disable-page-transition=\"true\" data-type=\"image\" class=\"fg-thumb\"><span class=\"fg-image-wrap\"><img decoding=\"async\" width=\"150\" height=\"109\" class=\"skip-lazy fg-image\" data-src-fg=\"http:\/\/theatre-cancoillotte.fr\/wp-content\/uploads\/cache\/2018\/01\/Apres-midi-Flyer-verso\/2122131368.jpg\" src=\"data:image\/svg+xml,%3Csvg%20xmlns%3D%22http%3A%2F%2Fwww.w3.org%2F2000%2Fsvg%22%20width%3D%22150%22%20height%3D%22109%22%20viewBox%3D%220%200%20150%20109%22%3E%3C%2Fsvg%3E\" loading=\"eager\"><\/span><span class=\"fg-image-overlay\"><\/span><\/a><\/figure><div class=\"fg-loader\"><\/div><\/div><\/div>\n","protected":false},"excerpt":{"rendered":"<p>C&rsquo;est encore mieux l&rsquo;apr\u00e8s-midi est une com\u00e9die de Ray Cooney. Elle a \u00e9t\u00e9 jou\u00e9e par notre Compagnie en octobre 2011 et en mai 2012. R\u00e9sum\u00e9 Dans un h\u00f4tel proche de l&rsquo;Assembl\u00e9e Nationale, Richard, d\u00e9put\u00e9 qui d\u00e9fend la vertu, a donn\u00e9 rendez-vous \u00e0 la secr\u00e9taire du Premier Ministre. Christine, sa femme, qu devait aller au th\u00e9\u00e2tre,Lire la suite &rarr;<\/p>\n","protected":false},"author":1,"featured_media":0,"parent":0,"menu_order":0,"comment_status":"closed","ping_status":"closed","template":"","meta":{"sfsi_plus_gutenberg_text_before_share":"","sfsi_plus_gutenberg_show_text_before_share":"","sfsi_plus_gutenberg_icon_type":"","sfsi_plus_gutenberg_icon_alignemt":"","sfsi_plus_gutenburg_max_per_row":"","footnotes":""},"class_list":["post-374","page","type-page","status-publish","hentry","no-thumb"],"_links":{"self":[{"href":"http:\/\/theatre-cancoillotte.fr\/index.php\/wp-json\/wp\/v2\/pages\/374","targetHints":{"allow":["GET"]}}],"collection":[{"href":"http:\/\/theatre-cancoillotte.fr\/index.php\/wp-json\/wp\/v2\/pages"}],"about":[{"href":"http:\/\/theatre-cancoillotte.fr\/index.php\/wp-json\/wp\/v2\/types\/page"}],"author":[{"embeddable":true,"href":"http:\/\/theatre-cancoillotte.fr\/index.php\/wp-json\/wp\/v2\/users\/1"}],"replies":[{"embeddable":true,"href":"http:\/\/theatre-cancoillotte.fr\/index.php\/wp-json\/wp\/v2\/comments?post=374"}],"version-history":[{"count":6,"href":"http:\/\/theatre-cancoillotte.fr\/index.php\/wp-json\/wp\/v2\/pages\/374\/revisions"}],"predecessor-version":[{"id":1959,"href":"http:\/\/theatre-cancoillotte.fr\/index.php\/wp-json\/wp\/v2\/pages\/374\/revisions\/1959"}],"wp:attachment":[{"href":"http:\/\/theatre-cancoillotte.fr\/index.php\/wp-json\/wp\/v2\/media?parent=374"}],"curies":[{"name":"wp","href":"https:\/\/api.w.org\/{rel}","templated":true}]}}

C&rsquo;est encore mieux l&rsquo;après-midi

<p><em><strong><span style="color: #0000ff;">C&rsquo;est encore mieux l&rsquo;après-midi</span></strong></em> est une comédie de Ray Cooney.</p>
<p>Elle a été jouée par notre Compagnie en octobre 2011 et en mai 2012.</p>
<p><em><strong><span style="color: #0000ff;">Résumé</span></strong></em></p>
<p>Dans un hôtel proche de l&rsquo;Assemblée Nationale, Richard, député qui défend la vertu, a donné rendez-vous à la secrétaire du Premier Ministre. Christine, sa femme, qu devait aller au théâtre, préfère passer l&rsquo;après-midi avec Georges, le secrétaire gaffeur. Florentine Duray, députée de l&rsquo;opposition, réside dans le même hôtel &#8230;</p>
<p>Avec une directrice tenant son établissement d&rsquo;une main de fer, un serveur anglais, une femme de chambre espagnole, une réceptionniste pointilleuse, un mari qui est opportunément parti skier en Italie, tous les ingrédients sont réunis pour une comédie désopilante. Les portes claquent, les baignoires débordent &#8230; mais la morale est sauve !</p>
<p><em><strong><span style="color: #0000ff;">Distribution à la Cancoillotte</span></strong></em></p>
<p>Mise en scène : Jean Perrot</p>
<p>RICHARD MARCHELIER : Jérôme Plancquaert<br />
CHRISTINE MARCHELIER : Brigitte Borel<br />
LA RÉCEPTIONNISTE : Valérie Arnaud<br />
LE SERVEUR : Alexandre Gottschalk<br />
FLORENTINE DURAY : Hélène de Lachaise<br />
LA DIRECTRICE DE L&rsquo;HÔTEL : Anne-Maire Perrot<br />
GEORGES PIGIER : Pierre Arnaud<br />
MARIA : Fabienne Bozon<br />
STÉPHANIE MARGELLE : Catherine Breton<br />
GÉRARD MARGELLE : François Gilson<br />
LES CLIENTS : Nathalie Bourdon, Henry Labat, André Grosperrin</p>
<p><em><strong><span style="color: #0000ff;">Le Flyer et les photos</span></strong></em></p>
<style type="text/css">
#foogallery-gallery-380.fg-masonry .fg-item { width: 150px; }
#foogallery-gallery-380.fg-masonry { --fg-gutter: 10px; }</style>
			<div class="foogallery foogallery-container foogallery-masonry foogallery-lightbox-foobox fg-center fg-masonry fg-ready fg-light fg-border-thin fg-shadow-outline fg-loading-default fg-loaded-fade-in fg-caption-hover fg-hover-fade fg-hover-zoom fg-fixed" id="foogallery-gallery-380" data-foogallery="{&quot;item&quot;:{&quot;showCaptionTitle&quot;:true,&quot;showCaptionDescription&quot;:true},&quot;lazy&quot;:true,&quot;template&quot;:{&quot;columnWidth&quot;:150,&quot;gutter&quot;:10}}" style="--fg-title-line-clamp: 0; --fg-description-line-clamp: 0;" >
		<div class="fg-item fg-type-image fg-idle"><figure class="fg-item-inner"><a href="http://theatre-cancoillotte.fr/wp-content/uploads/2018/01/Apres-midi-Flyer-recto.jpg" data-attachment-id="378" data-e-disable-page-transition="true" data-type="image" class="fg-thumb"><span class="fg-image-wrap"><img decoding="async" width="150" height="109" class="skip-lazy fg-image" data-src-fg="http://theatre-cancoillotte.fr/wp-content/uploads/cache/2018/01/Apres-midi-Flyer-recto/2542990093.jpg" src="data:image/svg+xml,%3Csvg%20xmlns%3D%22http%3A%2F%2Fwww.w3.org%2F2000%2Fsvg%22%20width%3D%22150%22%20height%3D%22109%22%20viewBox%3D%220%200%20150%20109%22%3E%3C%2Fsvg%3E" loading="eager"></span><span class="fg-image-overlay"></span></a></figure><div class="fg-loader"></div></div><div class="fg-item fg-type-image fg-idle"><figure class="fg-item-inner"><a href="http://theatre-cancoillotte.fr/wp-content/uploads/2018/01/Apres-midi-Flyer-verso.jpg" data-attachment-id="379" data-e-disable-page-transition="true" data-type="image" class="fg-thumb"><span class="fg-image-wrap"><img decoding="async" width="150" height="109" class="skip-lazy fg-image" data-src-fg="http://theatre-cancoillotte.fr/wp-content/uploads/cache/2018/01/Apres-midi-Flyer-verso/2122131368.jpg" src="data:image/svg+xml,%3Csvg%20xmlns%3D%22http%3A%2F%2Fwww.w3.org%2F2000%2Fsvg%22%20width%3D%22150%22%20height%3D%22109%22%20viewBox%3D%220%200%20150%20109%22%3E%3C%2Fsvg%3E" loading="eager"></span><span class="fg-image-overlay"></span></a></figure><div class="fg-loader"></div></div></div>

<p>C&rsquo;est encore mieux l&rsquo;après-midi est une comédie de Ray Cooney. Elle a été jouée par notre Compagnie en octobre 2011 et en mai 2012. Résumé Dans un hôtel proche de l&rsquo;Assemblée Nationale, Richard, député qui défend la vertu, a donné rendez-vous à la secrétaire du Premier Ministre. Christine, sa femme, qu devait aller au théâtre,Lire la suite &rarr;</p>
