{"id":406,"date":"2018-01-25T14:33:47","date_gmt":"2018-01-25T13:33:47","guid":{"rendered":"http:\/\/theatre-cancoillotte.fr\/?page_id=406"},"modified":"2018-02-10T09:51:49","modified_gmt":"2018-02-10T08:51:49","slug":"especes","status":"publish","type":"page","link":"http:\/\/theatre-cancoillotte.fr\/index.php\/especes\/","title":{"rendered":"Esp\u00e8ces menac\u00e9es"},"content":{"rendered":"<p><em><strong><span style=\"color: #0000ff;\">Esp\u00e8ces menac\u00e9es<\/span><\/strong><\/em> est une com\u00e9die en deux actes de Ray Cooney.<\/p>\n<p><em><strong><span style=\"color: #0000ff;\">R\u00e9sum\u00e9<\/span><\/strong><\/em><\/p>\n<p>Par m\u00e9garde, Yvon a \u00e9chang\u00e9 sa mallette contre celle d&rsquo;un inconnu dans le RER. L\u00e0 o\u00f9 se trouvaient ses gants et son sandwich &#8230; il y a d\u00e9sormais des millions !<\/p>\n<p>Ramasser n&rsquo;est pas voler ! Mais \u00e7a pousse au mensonge, lequel pousse forc\u00e9ment \u00e0 d&rsquo;autres mensonges &#8230; Ma\u00eetre du m\u00e9canisme infernal, Ray Cooney tisse en deux actes un pi\u00e8ge d\u00e9lirant pour toute une galerie de personnages aux objectifs plus ou moins avouables &#8230;<\/p>\n<p><em><strong><span style=\"color: #0000ff;\">Distribution \u00e0 la Cancoillotte<\/span><\/strong><\/em><\/p>\n<p>Mise en sc\u00e8ne : Anne-Marie Perrot<\/p>\n<p>MARIE : Brigitte Borel<br \/>\nYVON : Jean Perrot<br \/>\nROUSSILLON : Alexandre Gottschalk<br \/>\nLOUIS : Fran\u00e7ois Gilson<br \/>\nSYLVIE : Fabienne Bozon<br \/>\nJACQUES : J\u00e9r\u00f4me Plancquaert<br \/>\nRENARD : Andr\u00e9 Grosperrin<br \/>\nLA PASSANTE : Sylvie Gilson<\/p>\n<p><em><strong><span style=\"color: #0000ff;\">Affiche, flyer et photos<\/span><\/strong><\/em><\/p>\n<style type=\"text\/css\">\n#foogallery-gallery-770.fg-masonry .fg-item { width: 150px; }\n#foogallery-gallery-770.fg-masonry { --fg-gutter: 10px; }<\/style>\n\t\t\t<div class=\"foogallery foogallery-container foogallery-masonry foogallery-lightbox-foobox fg-center fg-masonry fg-ready fg-light fg-border-thin fg-shadow-outline fg-loading-default fg-loaded-fade-in fg-caption-hover fg-hover-fade fg-hover-zoom fg-fixed\" id=\"foogallery-gallery-770\" data-foogallery=\"{&quot;item&quot;:{&quot;showCaptionTitle&quot;:true,&quot;showCaptionDescription&quot;:true},&quot;lazy&quot;:true,&quot;template&quot;:{&quot;columnWidth&quot;:150,&quot;gutter&quot;:10}}\" style=\"--fg-title-line-clamp: 0; --fg-description-line-clamp: 0;\" >\n\t\t<div class=\"fg-item fg-type-image fg-idle\"><figure class=\"fg-item-inner\"><a href=\"http:\/\/theatre-cancoillotte.fr\/wp-content\/uploads\/2018\/02\/Especes-Affiche.jpg\" data-attachment-id=\"766\" data-e-disable-page-transition=\"true\" data-type=\"image\" class=\"fg-thumb\"><span class=\"fg-image-wrap\"><img decoding=\"async\" width=\"150\" height=\"280\" class=\"skip-lazy fg-image\" data-src-fg=\"http:\/\/theatre-cancoillotte.fr\/wp-content\/uploads\/cache\/2018\/02\/Especes-Affiche\/2339267169.jpg\" src=\"data:image\/svg+xml,%3Csvg%20xmlns%3D%22http%3A%2F%2Fwww.w3.org%2F2000%2Fsvg%22%20width%3D%22150%22%20height%3D%22280%22%20viewBox%3D%220%200%20150%20280%22%3E%3C%2Fsvg%3E\" loading=\"eager\"><\/span><span class=\"fg-image-overlay\"><\/span><\/a><\/figure><div class=\"fg-loader\"><\/div><\/div><div class=\"fg-item fg-type-image fg-idle\"><figure class=\"fg-item-inner\"><a href=\"http:\/\/theatre-cancoillotte.fr\/wp-content\/uploads\/2018\/05\/Espece-Flyer-recto.jpg\" data-attachment-id=\"782\" data-e-disable-page-transition=\"true\" data-type=\"image\" class=\"fg-thumb\"><span class=\"fg-image-wrap\"><img decoding=\"async\" width=\"150\" height=\"106\" class=\"skip-lazy fg-image\" data-src-fg=\"http:\/\/theatre-cancoillotte.fr\/wp-content\/uploads\/cache\/2018\/05\/Espece-Flyer-recto\/3758640703.jpg\" src=\"data:image\/svg+xml,%3Csvg%20xmlns%3D%22http%3A%2F%2Fwww.w3.org%2F2000%2Fsvg%22%20width%3D%22150%22%20height%3D%22106%22%20viewBox%3D%220%200%20150%20106%22%3E%3C%2Fsvg%3E\" loading=\"eager\"><\/span><span class=\"fg-image-overlay\"><\/span><\/a><\/figure><div class=\"fg-loader\"><\/div><\/div><div class=\"fg-item fg-type-image fg-idle\"><figure class=\"fg-item-inner\"><a href=\"http:\/\/theatre-cancoillotte.fr\/wp-content\/uploads\/2018\/05\/Espece-Flyer-verso.jpg\" data-attachment-id=\"781\" data-e-disable-page-transition=\"true\" data-type=\"image\" class=\"fg-thumb\"><span class=\"fg-image-wrap\"><img decoding=\"async\" width=\"150\" height=\"106\" class=\"skip-lazy fg-image\" data-src-fg=\"http:\/\/theatre-cancoillotte.fr\/wp-content\/uploads\/cache\/2018\/05\/Espece-Flyer-verso\/3639585676.jpg\" src=\"data:image\/svg+xml,%3Csvg%20xmlns%3D%22http%3A%2F%2Fwww.w3.org%2F2000%2Fsvg%22%20width%3D%22150%22%20height%3D%22106%22%20viewBox%3D%220%200%20150%20106%22%3E%3C%2Fsvg%3E\" loading=\"eager\"><\/span><span class=\"fg-image-overlay\"><\/span><\/a><\/figure><div class=\"fg-loader\"><\/div><\/div><\/div>\n","protected":false},"excerpt":{"rendered":"<p>Esp\u00e8ces menac\u00e9es est une com\u00e9die en deux actes de Ray Cooney. R\u00e9sum\u00e9 Par m\u00e9garde, Yvon a \u00e9chang\u00e9 sa mallette contre celle d&rsquo;un inconnu dans le RER. L\u00e0 o\u00f9 se trouvaient ses gants et son sandwich &#8230; il y a d\u00e9sormais des millions ! Ramasser n&rsquo;est pas voler ! Mais \u00e7a pousse au mensonge, lequel pousseLire la suite &rarr;<\/p>\n","protected":false},"author":1,"featured_media":0,"parent":0,"menu_order":0,"comment_status":"closed","ping_status":"closed","template":"","meta":{"sfsi_plus_gutenberg_text_before_share":"","sfsi_plus_gutenberg_show_text_before_share":"","sfsi_plus_gutenberg_icon_type":"","sfsi_plus_gutenberg_icon_alignemt":"","sfsi_plus_gutenburg_max_per_row":"","footnotes":""},"class_list":["post-406","page","type-page","status-publish","hentry","no-thumb"],"_links":{"self":[{"href":"http:\/\/theatre-cancoillotte.fr\/index.php\/wp-json\/wp\/v2\/pages\/406","targetHints":{"allow":["GET"]}}],"collection":[{"href":"http:\/\/theatre-cancoillotte.fr\/index.php\/wp-json\/wp\/v2\/pages"}],"about":[{"href":"http:\/\/theatre-cancoillotte.fr\/index.php\/wp-json\/wp\/v2\/types\/page"}],"author":[{"embeddable":true,"href":"http:\/\/theatre-cancoillotte.fr\/index.php\/wp-json\/wp\/v2\/users\/1"}],"replies":[{"embeddable":true,"href":"http:\/\/theatre-cancoillotte.fr\/index.php\/wp-json\/wp\/v2\/comments?post=406"}],"version-history":[{"count":4,"href":"http:\/\/theatre-cancoillotte.fr\/index.php\/wp-json\/wp\/v2\/pages\/406\/revisions"}],"predecessor-version":[{"id":771,"href":"http:\/\/theatre-cancoillotte.fr\/index.php\/wp-json\/wp\/v2\/pages\/406\/revisions\/771"}],"wp:attachment":[{"href":"http:\/\/theatre-cancoillotte.fr\/index.php\/wp-json\/wp\/v2\/media?parent=406"}],"curies":[{"name":"wp","href":"https:\/\/api.w.org\/{rel}","templated":true}]}}

Espèces menacées

<p><em><strong><span style="color: #0000ff;">Espèces menacées</span></strong></em> est une comédie en deux actes de Ray Cooney.</p>
<p><em><strong><span style="color: #0000ff;">Résumé</span></strong></em></p>
<p>Par mégarde, Yvon a échangé sa mallette contre celle d&rsquo;un inconnu dans le RER. Là où se trouvaient ses gants et son sandwich &#8230; il y a désormais des millions !</p>
<p>Ramasser n&rsquo;est pas voler ! Mais ça pousse au mensonge, lequel pousse forcément à d&rsquo;autres mensonges &#8230; Maître du mécanisme infernal, Ray Cooney tisse en deux actes un piège délirant pour toute une galerie de personnages aux objectifs plus ou moins avouables &#8230;</p>
<p><em><strong><span style="color: #0000ff;">Distribution à la Cancoillotte</span></strong></em></p>
<p>Mise en scène : Anne-Marie Perrot</p>
<p>MARIE : Brigitte Borel<br />
YVON : Jean Perrot<br />
ROUSSILLON : Alexandre Gottschalk<br />
LOUIS : François Gilson<br />
SYLVIE : Fabienne Bozon<br />
JACQUES : Jérôme Plancquaert<br />
RENARD : André Grosperrin<br />
LA PASSANTE : Sylvie Gilson</p>
<p><em><strong><span style="color: #0000ff;">Affiche, flyer et photos</span></strong></em></p>
<style type="text/css">
#foogallery-gallery-770.fg-masonry .fg-item { width: 150px; }
#foogallery-gallery-770.fg-masonry { --fg-gutter: 10px; }</style>
			<div class="foogallery foogallery-container foogallery-masonry foogallery-lightbox-foobox fg-center fg-masonry fg-ready fg-light fg-border-thin fg-shadow-outline fg-loading-default fg-loaded-fade-in fg-caption-hover fg-hover-fade fg-hover-zoom fg-fixed" id="foogallery-gallery-770" data-foogallery="{&quot;item&quot;:{&quot;showCaptionTitle&quot;:true,&quot;showCaptionDescription&quot;:true},&quot;lazy&quot;:true,&quot;template&quot;:{&quot;columnWidth&quot;:150,&quot;gutter&quot;:10}}" style="--fg-title-line-clamp: 0; --fg-description-line-clamp: 0;" >
		<div class="fg-item fg-type-image fg-idle"><figure class="fg-item-inner"><a href="http://theatre-cancoillotte.fr/wp-content/uploads/2018/02/Especes-Affiche.jpg" data-attachment-id="766" data-e-disable-page-transition="true" data-type="image" class="fg-thumb"><span class="fg-image-wrap"><img decoding="async" width="150" height="280" class="skip-lazy fg-image" data-src-fg="http://theatre-cancoillotte.fr/wp-content/uploads/cache/2018/02/Especes-Affiche/2339267169.jpg" src="data:image/svg+xml,%3Csvg%20xmlns%3D%22http%3A%2F%2Fwww.w3.org%2F2000%2Fsvg%22%20width%3D%22150%22%20height%3D%22280%22%20viewBox%3D%220%200%20150%20280%22%3E%3C%2Fsvg%3E" loading="eager"></span><span class="fg-image-overlay"></span></a></figure><div class="fg-loader"></div></div><div class="fg-item fg-type-image fg-idle"><figure class="fg-item-inner"><a href="http://theatre-cancoillotte.fr/wp-content/uploads/2018/05/Espece-Flyer-recto.jpg" data-attachment-id="782" data-e-disable-page-transition="true" data-type="image" class="fg-thumb"><span class="fg-image-wrap"><img decoding="async" width="150" height="106" class="skip-lazy fg-image" data-src-fg="http://theatre-cancoillotte.fr/wp-content/uploads/cache/2018/05/Espece-Flyer-recto/3758640703.jpg" src="data:image/svg+xml,%3Csvg%20xmlns%3D%22http%3A%2F%2Fwww.w3.org%2F2000%2Fsvg%22%20width%3D%22150%22%20height%3D%22106%22%20viewBox%3D%220%200%20150%20106%22%3E%3C%2Fsvg%3E" loading="eager"></span><span class="fg-image-overlay"></span></a></figure><div class="fg-loader"></div></div><div class="fg-item fg-type-image fg-idle"><figure class="fg-item-inner"><a href="http://theatre-cancoillotte.fr/wp-content/uploads/2018/05/Espece-Flyer-verso.jpg" data-attachment-id="781" data-e-disable-page-transition="true" data-type="image" class="fg-thumb"><span class="fg-image-wrap"><img decoding="async" width="150" height="106" class="skip-lazy fg-image" data-src-fg="http://theatre-cancoillotte.fr/wp-content/uploads/cache/2018/05/Espece-Flyer-verso/3639585676.jpg" src="data:image/svg+xml,%3Csvg%20xmlns%3D%22http%3A%2F%2Fwww.w3.org%2F2000%2Fsvg%22%20width%3D%22150%22%20height%3D%22106%22%20viewBox%3D%220%200%20150%20106%22%3E%3C%2Fsvg%3E" loading="eager"></span><span class="fg-image-overlay"></span></a></figure><div class="fg-loader"></div></div></div>

<p>Espèces menacées est une comédie en deux actes de Ray Cooney. Résumé Par mégarde, Yvon a échangé sa mallette contre celle d&rsquo;un inconnu dans le RER. Là où se trouvaient ses gants et son sandwich &#8230; il y a désormais des millions ! Ramasser n&rsquo;est pas voler ! Mais ça pousse au mensonge, lequel pousseLire la suite &rarr;</p>
