{"id":53,"date":"2017-11-27T22:52:41","date_gmt":"2017-11-27T21:52:41","guid":{"rendered":"http:\/\/www.pensee-du-jour.ovh\/cancoi\/?page_id=53"},"modified":"2026-01-18T06:33:51","modified_gmt":"2026-01-18T05:33:51","slug":"a-propos-de","status":"publish","type":"page","link":"http:\/\/theatre-cancoillotte.fr\/index.php\/a-propos-de\/","title":{"rendered":"\u00c0 propos de ce site"},"content":{"rendered":"<p><img fetchpriority=\"high\" decoding=\"async\" class=\"alignnone size-full wp-image-1301\" src=\"http:\/\/theatre-cancoillotte.fr\/wp-content\/uploads\/2022\/11\/apropos.jpg\" alt=\"\" width=\"600\" height=\"100\" srcset=\"http:\/\/theatre-cancoillotte.fr\/wp-content\/uploads\/2022\/11\/apropos.jpg 600w, http:\/\/theatre-cancoillotte.fr\/wp-content\/uploads\/2022\/11\/apropos-300x50.jpg 300w\" sizes=\"(max-width: 600px) 100vw, 600px\" \/><\/p>\n<p><span style=\"color: #000080;\">Merci \u00e0 tous les membres de la Compagnie de la Cancoillotte pour la mise \u00e0 disposition de leurs archives de documents, photos, vid\u00e9os ayant servi \u00e0 la constitution de ce site.<\/span><\/p>\n<p><span style=\"color: #000080;\"><span style=\"color: #0000ff;\"><em><strong>Design :<\/strong><\/em><\/span><br \/>\n\u00a9 Bouteiller Communication<br \/>\n30 rue Ronchaux<br \/>\n25000 BESANCON<br \/>\nTel : 03 81 82 04 46<br \/>\n<\/span><\/p>\n<p><span style=\"color: #000080;\"><em><strong><span style=\"color: #0000ff;\">Webmaster :<\/span> <\/strong><\/em><br \/>\n<\/span><span style=\"color: #000080;\">\u00a9 Jacques Vieillescaze Logiciels<br \/>\n5 impasse de Chouaire<br \/>\n25220 CHALEZEULE<br \/>\nTel : 06 43 78 25 35<br \/>\n<\/span><\/p>\n<p>Site d\u00e9velopp\u00e9 avec \u00a9 WordPress<\/p>\n<p>Derni\u00e8re mise \u00e0 jour : 18\/01\/2026<\/p>\n","protected":false},"excerpt":{"rendered":"<p>Merci \u00e0 tous les membres de la Compagnie de la Cancoillotte pour la mise \u00e0 disposition de leurs archives de documents, photos, vid\u00e9os ayant servi \u00e0 la constitution de ce site. Design : \u00a9 Bouteiller Communication 30 rue Ronchaux 25000 BESANCON Tel : 03 81 82 04 46 Webmaster : \u00a9 Jacques Vieillescaze Logiciels 5Lire la suite &rarr;<\/p>\n","protected":false},"author":1,"featured_media":0,"parent":0,"menu_order":0,"comment_status":"closed","ping_status":"closed","template":"","meta":{"sfsi_plus_gutenberg_text_before_share":"","sfsi_plus_gutenberg_show_text_before_share":"","sfsi_plus_gutenberg_icon_type":"","sfsi_plus_gutenberg_icon_alignemt":"","sfsi_plus_gutenburg_max_per_row":"","footnotes":""},"class_list":["post-53","page","type-page","status-publish","hentry","no-thumb"],"_links":{"self":[{"href":"http:\/\/theatre-cancoillotte.fr\/index.php\/wp-json\/wp\/v2\/pages\/53","targetHints":{"allow":["GET"]}}],"collection":[{"href":"http:\/\/theatre-cancoillotte.fr\/index.php\/wp-json\/wp\/v2\/pages"}],"about":[{"href":"http:\/\/theatre-cancoillotte.fr\/index.php\/wp-json\/wp\/v2\/types\/page"}],"author":[{"embeddable":true,"href":"http:\/\/theatre-cancoillotte.fr\/index.php\/wp-json\/wp\/v2\/users\/1"}],"replies":[{"embeddable":true,"href":"http:\/\/theatre-cancoillotte.fr\/index.php\/wp-json\/wp\/v2\/comments?post=53"}],"version-history":[{"count":16,"href":"http:\/\/theatre-cancoillotte.fr\/index.php\/wp-json\/wp\/v2\/pages\/53\/revisions"}],"predecessor-version":[{"id":1945,"href":"http:\/\/theatre-cancoillotte.fr\/index.php\/wp-json\/wp\/v2\/pages\/53\/revisions\/1945"}],"wp:attachment":[{"href":"http:\/\/theatre-cancoillotte.fr\/index.php\/wp-json\/wp\/v2\/media?parent=53"}],"curies":[{"name":"wp","href":"https:\/\/api.w.org\/{rel}","templated":true}]}}