{"id":54,"date":"2017-11-27T22:52:41","date_gmt":"2017-11-27T21:52:41","guid":{"rendered":"http:\/\/www.pensee-du-jour.ovh\/cancoi\/?page_id=54"},"modified":"2024-12-03T11:19:42","modified_gmt":"2024-12-03T10:19:42","slug":"contact","status":"publish","type":"page","link":"http:\/\/theatre-cancoillotte.fr\/index.php\/contact\/","title":{"rendered":"Contact"},"content":{"rendered":"\n<figure class=\"wp-block-image size-full\"><img fetchpriority=\"high\" decoding=\"async\" width=\"600\" height=\"100\" src=\"http:\/\/theatre-cancoillotte.fr\/wp-content\/uploads\/2022\/11\/contact.jpg\" alt=\"\" class=\"wp-image-1308\" srcset=\"http:\/\/theatre-cancoillotte.fr\/wp-content\/uploads\/2022\/11\/contact.jpg 600w, http:\/\/theatre-cancoillotte.fr\/wp-content\/uploads\/2022\/11\/contact-300x50.jpg 300w\" sizes=\"(max-width: 600px) 100vw, 600px\" \/><\/figure>\n\n\n<p>Vous trouverez ici un formulaire qui vous permet de nous contacter (voulez-vous jouer ? souffler ? participer aux d\u00e9cors ? aux costumes ? nous donner votre ressenti sur une pi\u00e8ce ?), et apr\u00e8s ce formulaire, quelques coordonn\u00e9es et plans d&rsquo;acc\u00e8s.<\/p>\n\n<div class=\"wpforms-container wpforms-container-full wpforms-block wpforms-block-8527be5c-a83e-40bd-9294-b86095962f82 wpforms-render-modern\" id=\"wpforms-1651\"><form id=\"wpforms-form-1651\" class=\"wpforms-validate wpforms-form wpforms-ajax-form\" data-formid=\"1651\" method=\"post\" enctype=\"multipart\/form-data\" action=\"\/index.php\/wp-json\/wp\/v2\/pages\/54\" data-token=\"e8e2bc114dcf363d6070dd1ea6cac43b\" data-token-time=\"1776206454\"><noscript class=\"wpforms-error-noscript\">Veuillez activer JavaScript dans votre navigateur pour remplir ce formulaire.<\/noscript><div id=\"wpforms-error-noscript\" style=\"display: none;\">Veuillez activer JavaScript dans votre navigateur pour remplir ce formulaire.<\/div><div class=\"wpforms-field-container\"><div id=\"wpforms-1651-field_1-container\" class=\"wpforms-field wpforms-field-name\" data-field-id=\"1\"><fieldset><legend class=\"wpforms-field-label\">Pr\u00e9nom et Nom <span class=\"wpforms-required-label\" aria-hidden=\"true\">*<\/span><\/legend><div class=\"wpforms-field-row wpforms-field-medium\"><div class=\"wpforms-field-row-block wpforms-first wpforms-one-half\"><input type=\"text\" id=\"wpforms-1651-field_1\" class=\"wpforms-field-name-first wpforms-field-required\" name=\"wpforms[fields][1][first]\" aria-errormessage=\"wpforms-1651-field_1-error\" required><label for=\"wpforms-1651-field_1\" class=\"wpforms-field-sublabel after\">Pr\u00e9nom<\/label><\/div><div class=\"wpforms-field-row-block wpforms-one-half\"><input type=\"text\" id=\"wpforms-1651-field_1-last\" class=\"wpforms-field-name-last wpforms-field-required\" name=\"wpforms[fields][1][last]\" aria-errormessage=\"wpforms-1651-field_1-last-error\" required><label for=\"wpforms-1651-field_1-last\" class=\"wpforms-field-sublabel after\">Nom<\/label><\/div><\/div><\/fieldset><\/div>\t\t<div id=\"wpforms-1651-field_3-container\"\n\t\t\tclass=\"wpforms-field wpforms-field-text\"\n\t\t\tdata-field-type=\"text\"\n\t\t\tdata-field-id=\"3\"\n\t\t\t>\n\t\t\t<label class=\"wpforms-field-label\" for=\"wpforms-1651-field_3\" >Nom Pr\u00e9nom message<\/label>\n\t\t\t<input type=\"text\" id=\"wpforms-1651-field_3\" class=\"wpforms-field-medium\" name=\"wpforms[fields][3]\" >\n\t\t<\/div>\n\t\t<div id=\"wpforms-1651-field_2-container\" class=\"wpforms-field wpforms-field-email\" data-field-id=\"2\"><label class=\"wpforms-field-label\" for=\"wpforms-1651-field_2\">Email <span class=\"wpforms-required-label\" aria-hidden=\"true\">*<\/span><\/label><input type=\"email\" id=\"wpforms-1651-field_2\" class=\"wpforms-field-medium wpforms-field-required\" name=\"wpforms[fields][2]\" spellcheck=\"false\" aria-errormessage=\"wpforms-1651-field_2-error\" required><\/div><div id=\"wpforms-1651-field_6-container\" class=\"wpforms-field wpforms-field-textarea\" data-field-id=\"6\"><label class=\"wpforms-field-label\" for=\"wpforms-1651-field_6\">Votre message <span class=\"wpforms-required-label\" aria-hidden=\"true\">*<\/span><\/label><textarea id=\"wpforms-1651-field_6\" class=\"wpforms-field-medium wpforms-field-required\" name=\"wpforms[fields][6]\" aria-errormessage=\"wpforms-1651-field_6-error\" required><\/textarea><\/div><script>\n\t\t\t\t( function() {\n\t\t\t\t\tconst style = document.createElement( 'style' );\n\t\t\t\t\tstyle.appendChild( document.createTextNode( '#wpforms-1651-field_3-container { position: absolute !important; overflow: hidden !important; display: inline !important; height: 1px !important; width: 1px !important; z-index: -1000 !important; padding: 0 !important; } #wpforms-1651-field_3-container input { visibility: hidden; } #wpforms-conversational-form-page #wpforms-1651-field_3-container label { counter-increment: none; }' ) );\n\t\t\t\t\tdocument.head.appendChild( style );\n\t\t\t\t\tdocument.currentScript?.remove();\n\t\t\t\t} )();\n\t\t\t<\/script><\/div><!-- .wpforms-field-container --><div class=\"wpforms-submit-container\" ><input type=\"hidden\" name=\"wpforms[id]\" value=\"1651\"><input type=\"hidden\" name=\"page_title\" value=\"\"><input type=\"hidden\" name=\"page_url\" value=\"http:\/\/theatre-cancoillotte.fr\/index.php\/wp-json\/wp\/v2\/pages\/54\"><input type=\"hidden\" name=\"url_referer\" value=\"\"><button type=\"submit\" name=\"wpforms[submit]\" id=\"wpforms-submit-1651\" class=\"wpforms-submit\" data-alt-text=\"Envoi en cours ...\" data-submit-text=\"Envoyer\" aria-live=\"assertive\" value=\"wpforms-submit\">Envoyer<\/button><img decoding=\"async\" src=\"http:\/\/theatre-cancoillotte.fr\/wp-content\/plugins\/wpforms-lite\/assets\/images\/submit-spin.svg\" class=\"wpforms-submit-spinner\" style=\"display: none;\" width=\"26\" height=\"26\" alt=\"Chargement en cours\"><\/div><\/form><\/div>  <!-- .wpforms-container -->\n\n\n<p><em><strong>R\u00e9gisseuse (pour tout renseignement)<\/strong><\/em><\/p>\n\n\n\n<p>Mme Odile MARCOUX<br>Tel : 06 89 40 36 87<br>Du lundi au vendredi de 17h \u00e0 20h<br>Le samedi de 10h \u00e0 12h<\/p>\n\n\n\n<p><em><strong>Pr\u00e9sident de l&rsquo;association (ne s&rsquo;occupe pas des r\u00e9servations) :<\/strong><\/em><\/p>\n\n\n\n<p>Mr Jacques VIEILLESCAZE<br>5 impasse de Chouaire<br>25220 CHALEZEULE<br>Tel : 06 43 78 25 35<br>Email : jacques.vieillescaze at gmail point com<\/p>\n\n\n\n<p><em><strong>Web-master (ne s&rsquo;occupe pas des r\u00e9servations) :<\/strong><\/em><\/p>\n\n\n\n<p>\u00a9 Jacques Vieillescaze Logiciels<br>5 impasse de Chouaire<br>25220 CHALEZEULE<br>Tel : 06 43 78 25 35<\/p>\n\n\n\n<p><em><strong>Retrouvez-nous !<\/strong><\/em><\/p>\n\n\n\n<p>Local de r\u00e9p\u00e9tition : 34 rue de la Corv\u00e9e &#8211; 25000 BESAN\u00c7ON<br><img decoding=\"async\" src=\"http:\/\/theatre-cancoillotte.fr\/wp-content\/uploads\/2024\/04\/Local-repetition.jpg\" alt=\"\" width=\"1024\" height=\"552\"><\/p>\n\n\n\n<p>Salle de spectacle : Le petit Kursaal &#8211; 1 place du th\u00e9\u00e2tre &#8211; 25000 BESAN\u00c7ON<br><img loading=\"lazy\" decoding=\"async\" src=\"http:\/\/theatre-cancoillotte.fr\/wp-content\/uploads\/2018\/02\/pkursaal-1024x552.jpg\" srcset=\"http:\/\/theatre-cancoillotte.fr\/wp-content\/uploads\/2018\/02\/pkursaal.jpg 1024w, http:\/\/theatre-cancoillotte.fr\/wp-content\/uploads\/2018\/02\/pkursaal-300x162.jpg 300w, http:\/\/theatre-cancoillotte.fr\/wp-content\/uploads\/2018\/02\/pkursaal-768x414.jpg 768w\" alt=\"\" width=\"1024\" height=\"552\"><\/p>\n","protected":false},"excerpt":{"rendered":"<p>Vous trouverez ici un formulaire qui vous permet de nous contacter (voulez-vous jouer ? souffler ? participer aux d\u00e9cors ? aux costumes ? nous donner votre ressenti sur une pi\u00e8ce ?), et apr\u00e8s ce formulaire, quelques coordonn\u00e9es et plans d&rsquo;acc\u00e8s. R\u00e9gisseuse (pour tout renseignement) Mme Odile MARCOUXTel : 06 89 40 36 87Du lundi auLire la suite &rarr;<\/p>\n","protected":false},"author":1,"featured_media":0,"parent":0,"menu_order":0,"comment_status":"closed","ping_status":"closed","template":"","meta":{"sfsi_plus_gutenberg_text_before_share":"","sfsi_plus_gutenberg_show_text_before_share":"","sfsi_plus_gutenberg_icon_type":"","sfsi_plus_gutenberg_icon_alignemt":"","sfsi_plus_gutenburg_max_per_row":"","footnotes":""},"class_list":["post-54","page","type-page","status-publish","hentry","no-thumb"],"_links":{"self":[{"href":"http:\/\/theatre-cancoillotte.fr\/index.php\/wp-json\/wp\/v2\/pages\/54","targetHints":{"allow":["GET"]}}],"collection":[{"href":"http:\/\/theatre-cancoillotte.fr\/index.php\/wp-json\/wp\/v2\/pages"}],"about":[{"href":"http:\/\/theatre-cancoillotte.fr\/index.php\/wp-json\/wp\/v2\/types\/page"}],"author":[{"embeddable":true,"href":"http:\/\/theatre-cancoillotte.fr\/index.php\/wp-json\/wp\/v2\/users\/1"}],"replies":[{"embeddable":true,"href":"http:\/\/theatre-cancoillotte.fr\/index.php\/wp-json\/wp\/v2\/comments?post=54"}],"version-history":[{"count":32,"href":"http:\/\/theatre-cancoillotte.fr\/index.php\/wp-json\/wp\/v2\/pages\/54\/revisions"}],"predecessor-version":[{"id":1661,"href":"http:\/\/theatre-cancoillotte.fr\/index.php\/wp-json\/wp\/v2\/pages\/54\/revisions\/1661"}],"wp:attachment":[{"href":"http:\/\/theatre-cancoillotte.fr\/index.php\/wp-json\/wp\/v2\/media?parent=54"}],"curies":[{"name":"wp","href":"https:\/\/api.w.org\/{rel}","templated":true}]}}