{"id":540,"date":"2018-02-01T14:06:07","date_gmt":"2018-02-01T13:06:07","guid":{"rendered":"http:\/\/theatre-cancoillotte.fr\/?page_id=540"},"modified":"2018-02-04T21:38:38","modified_gmt":"2018-02-04T20:38:38","slug":"reste","status":"publish","type":"page","link":"http:\/\/theatre-cancoillotte.fr\/index.php\/reste\/","title":{"rendered":"J&rsquo;y suis j&rsquo;y reste"},"content":{"rendered":"<p><span style=\"color: #0000ff;\"><i><b>J&rsquo;y suis, j&rsquo;y reste<\/b><\/i><\/span> est une pi\u00e8ce de th\u00e9\u00e2tre fran\u00e7aise en 3 actes de Raymond Vincy et Jean Valmy, cr\u00e9\u00e9e au th\u00e9\u00e2tre du Gymnase le 20 d\u00e9cembre 1950. Elle fut diffus\u00e9e \u00e0 la t\u00e9l\u00e9vision dans le cadre de l&rsquo;\u00e9mission <i>Au th\u00e9\u00e2tre ce soir<\/i> pour la premi\u00e8re fois en 1966 et, dans une autre version, en 1984. Une adaptation au cin\u00e9ma a \u00e9t\u00e9 r\u00e9alis\u00e9e par Maurice Labro, <i>J&rsquo;y suis, j&rsquo;y reste<\/i>, et est sorti en 1954.<\/p>\n<p><span style=\"color: #0000ff;\"><em><strong>R\u00e9sum\u00e9<\/strong><\/em><\/span><\/p>\n<p class=\"pw-hidden-cp\">Une restauratrice du quartier des halles s&rsquo;est fait d\u00e9rober son sac \u00e0 main contenant ses papiers d&rsquo;identit\u00e9. Dix ans plus tard, voulant \u00e9pouser son barman, elle apprend que sa voleuse a \u00e9pous\u00e9, en empruntant son propre nom, un jeune baron. Elle d\u00e9cide, alors, de se pr\u00e9senter au manoir de son <span class=\"citation\">\u00ab\u00a0\u00e9poux l\u00e9gal\u00a0\u00bb<\/span> pour lui d\u00e9voiler la v\u00e9rit\u00e9 et r\u00e9clamer le divorce, semant la perturbation dans l&rsquo;existence du baron et de sa tante une comtesse tr\u00e8s \u00e0 cheval sur les traditions. Finalement c&rsquo;est un cardinal, en visite au ch\u00e2teau, qui trouvera une issue \u00e0 cette situation.<\/p>\n<p><span style=\"color: #0000ff;\"><em><strong>Distribution \u00e0 la Cancoillotte<\/strong><\/em><\/span><\/p>\n<p>Mise en sc\u00e8ne : Catherine Bougon<br \/>\nAssist\u00e9e de : Christine de Dreux-Br\u00e9z\u00e9<\/p>\n<p>LUCIE : B\u00e9atrice Pouletty<br \/>\nPATRICE : Pierre de Vesvrotte<br \/>\nGIS\u00c8LE : Mich\u00e8le R\u00e9gnier<br \/>\nLA COMTESSE : H\u00e9l\u00e8ne de Lachaise<br \/>\nHUBERT : Denis Bretagne<br \/>\nANTOINETTE : Fran\u00e7oise d&rsquo;Arbaumont<br \/>\nJULES : Yves de Dreux-Br\u00e9z\u00e9<br \/>\nLE CARDINAL : Dominique Garnier<\/p>\n<p><span style=\"color: #0000ff;\"><em><strong>Le flyer<br \/>\n<\/strong><\/em><\/span><\/p>\n<style type=\"text\/css\">\n#foogallery-gallery-592.fg-masonry .fg-item { width: 150px; }\n#foogallery-gallery-592.fg-masonry { --fg-gutter: 10px; }<\/style>\n\t\t\t<div class=\"foogallery foogallery-container foogallery-masonry foogallery-lightbox-foobox fg-center fg-masonry fg-ready fg-light fg-border-thin fg-shadow-outline fg-loading-default fg-loaded-fade-in fg-caption-hover fg-hover-fade fg-hover-zoom fg-fixed\" id=\"foogallery-gallery-592\" data-foogallery=\"{&quot;item&quot;:{&quot;showCaptionTitle&quot;:true,&quot;showCaptionDescription&quot;:true},&quot;lazy&quot;:true,&quot;template&quot;:{&quot;columnWidth&quot;:150,&quot;gutter&quot;:10}}\" style=\"--fg-title-line-clamp: 0; --fg-description-line-clamp: 0;\" >\n\t\t<div class=\"fg-item fg-type-image fg-idle\"><figure class=\"fg-item-inner\"><a href=\"http:\/\/theatre-cancoillotte.fr\/wp-content\/uploads\/2018\/02\/Jy-suis-jy-reste-Flyer.jpg\" data-attachment-id=\"591\" data-e-disable-page-transition=\"true\" data-type=\"image\" class=\"fg-thumb\"><span class=\"fg-image-wrap\"><img decoding=\"async\" width=\"150\" height=\"109\" class=\"skip-lazy fg-image\" data-src-fg=\"http:\/\/theatre-cancoillotte.fr\/wp-content\/uploads\/cache\/2018\/02\/Jy-suis-jy-reste-Flyer\/99579525.jpg\" src=\"data:image\/svg+xml,%3Csvg%20xmlns%3D%22http%3A%2F%2Fwww.w3.org%2F2000%2Fsvg%22%20width%3D%22150%22%20height%3D%22109%22%20viewBox%3D%220%200%20150%20109%22%3E%3C%2Fsvg%3E\" loading=\"eager\"><\/span><span class=\"fg-image-overlay\"><\/span><\/a><\/figure><div class=\"fg-loader\"><\/div><\/div><\/div>\n<p>&nbsp;<\/p>\n","protected":false},"excerpt":{"rendered":"<p>J&rsquo;y suis, j&rsquo;y reste est une pi\u00e8ce de th\u00e9\u00e2tre fran\u00e7aise en 3 actes de Raymond Vincy et Jean Valmy, cr\u00e9\u00e9e au th\u00e9\u00e2tre du Gymnase le 20 d\u00e9cembre 1950. Elle fut diffus\u00e9e \u00e0 la t\u00e9l\u00e9vision dans le cadre de l&rsquo;\u00e9mission Au th\u00e9\u00e2tre ce soir pour la premi\u00e8re fois en 1966 et, dans une autre version, enLire la suite &rarr;<\/p>\n","protected":false},"author":1,"featured_media":0,"parent":0,"menu_order":0,"comment_status":"closed","ping_status":"closed","template":"","meta":{"sfsi_plus_gutenberg_text_before_share":"","sfsi_plus_gutenberg_show_text_before_share":"","sfsi_plus_gutenberg_icon_type":"","sfsi_plus_gutenberg_icon_alignemt":"","sfsi_plus_gutenburg_max_per_row":"","footnotes":""},"class_list":["post-540","page","type-page","status-publish","hentry","no-thumb"],"_links":{"self":[{"href":"http:\/\/theatre-cancoillotte.fr\/index.php\/wp-json\/wp\/v2\/pages\/540","targetHints":{"allow":["GET"]}}],"collection":[{"href":"http:\/\/theatre-cancoillotte.fr\/index.php\/wp-json\/wp\/v2\/pages"}],"about":[{"href":"http:\/\/theatre-cancoillotte.fr\/index.php\/wp-json\/wp\/v2\/types\/page"}],"author":[{"embeddable":true,"href":"http:\/\/theatre-cancoillotte.fr\/index.php\/wp-json\/wp\/v2\/users\/1"}],"replies":[{"embeddable":true,"href":"http:\/\/theatre-cancoillotte.fr\/index.php\/wp-json\/wp\/v2\/comments?post=540"}],"version-history":[{"count":5,"href":"http:\/\/theatre-cancoillotte.fr\/index.php\/wp-json\/wp\/v2\/pages\/540\/revisions"}],"predecessor-version":[{"id":721,"href":"http:\/\/theatre-cancoillotte.fr\/index.php\/wp-json\/wp\/v2\/pages\/540\/revisions\/721"}],"wp:attachment":[{"href":"http:\/\/theatre-cancoillotte.fr\/index.php\/wp-json\/wp\/v2\/media?parent=540"}],"curies":[{"name":"wp","href":"https:\/\/api.w.org\/{rel}","templated":true}]}}

<p><span style="color: #0000ff;"><i><b>J&rsquo;y suis, j&rsquo;y reste</b></i></span> est une pièce de théâtre française en 3 actes de Raymond Vincy et Jean Valmy, créée au théâtre du Gymnase le 20 décembre 1950. Elle fut diffusée à la télévision dans le cadre de l&rsquo;émission <i>Au théâtre ce soir</i> pour la première fois en 1966 et, dans une autre version, en 1984. Une adaptation au cinéma a été réalisée par Maurice Labro, <i>J&rsquo;y suis, j&rsquo;y reste</i>, et est sorti en 1954.</p>
<p><span style="color: #0000ff;"><em><strong>Résumé</strong></em></span></p>
<p class="pw-hidden-cp">Une restauratrice du quartier des halles s&rsquo;est fait dérober son sac à main contenant ses papiers d&rsquo;identité. Dix ans plus tard, voulant épouser son barman, elle apprend que sa voleuse a épousé, en empruntant son propre nom, un jeune baron. Elle décide, alors, de se présenter au manoir de son <span class="citation">« époux légal »</span> pour lui dévoiler la vérité et réclamer le divorce, semant la perturbation dans l&rsquo;existence du baron et de sa tante une comtesse très à cheval sur les traditions. Finalement c&rsquo;est un cardinal, en visite au château, qui trouvera une issue à cette situation.</p>
<p><span style="color: #0000ff;"><em><strong>Distribution à la Cancoillotte</strong></em></span></p>
<p>Mise en scène : Catherine Bougon<br />
Assistée de : Christine de Dreux-Brézé</p>
<p>LUCIE : Béatrice Pouletty<br />
PATRICE : Pierre de Vesvrotte<br />
GISÈLE : Michèle Régnier<br />
LA COMTESSE : Hélène de Lachaise<br />
HUBERT : Denis Bretagne<br />
ANTOINETTE : Françoise d&rsquo;Arbaumont<br />
JULES : Yves de Dreux-Brézé<br />
LE CARDINAL : Dominique Garnier</p>
<p><span style="color: #0000ff;"><em><strong>Le flyer<br />
</strong></em></span></p>
<style type="text/css">
#foogallery-gallery-592.fg-masonry .fg-item { width: 150px; }
#foogallery-gallery-592.fg-masonry { --fg-gutter: 10px; }</style>
			<div class="foogallery foogallery-container foogallery-masonry foogallery-lightbox-foobox fg-center fg-masonry fg-ready fg-light fg-border-thin fg-shadow-outline fg-loading-default fg-loaded-fade-in fg-caption-hover fg-hover-fade fg-hover-zoom fg-fixed" id="foogallery-gallery-592" data-foogallery="{&quot;item&quot;:{&quot;showCaptionTitle&quot;:true,&quot;showCaptionDescription&quot;:true},&quot;lazy&quot;:true,&quot;template&quot;:{&quot;columnWidth&quot;:150,&quot;gutter&quot;:10}}" style="--fg-title-line-clamp: 0; --fg-description-line-clamp: 0;" >
		<div class="fg-item fg-type-image fg-idle"><figure class="fg-item-inner"><a href="http://theatre-cancoillotte.fr/wp-content/uploads/2018/02/Jy-suis-jy-reste-Flyer.jpg" data-attachment-id="591" data-e-disable-page-transition="true" data-type="image" class="fg-thumb"><span class="fg-image-wrap"><img decoding="async" width="150" height="109" class="skip-lazy fg-image" data-src-fg="http://theatre-cancoillotte.fr/wp-content/uploads/cache/2018/02/Jy-suis-jy-reste-Flyer/99579525.jpg" src="data:image/svg+xml,%3Csvg%20xmlns%3D%22http%3A%2F%2Fwww.w3.org%2F2000%2Fsvg%22%20width%3D%22150%22%20height%3D%22109%22%20viewBox%3D%220%200%20150%20109%22%3E%3C%2Fsvg%3E" loading="eager"></span><span class="fg-image-overlay"></span></a></figure><div class="fg-loader"></div></div></div>
<p>&nbsp;</p>

<p>J&rsquo;y suis, j&rsquo;y reste est une pièce de théâtre française en 3 actes de Raymond Vincy et Jean Valmy, créée au théâtre du Gymnase le 20 décembre 1950. Elle fut diffusée à la télévision dans le cadre de l&rsquo;émission Au théâtre ce soir pour la première fois en 1966 et, dans une autre version, enLire la suite &rarr;</p>
