{"id":542,"date":"2018-02-01T14:06:27","date_gmt":"2018-02-01T13:06:27","guid":{"rendered":"http:\/\/theatre-cancoillotte.fr\/?page_id=542"},"modified":"2018-02-04T22:41:50","modified_gmt":"2018-02-04T21:41:50","slug":"dingues","status":"publish","type":"page","link":"http:\/\/theatre-cancoillotte.fr\/index.php\/dingues\/","title":{"rendered":"De doux dingues"},"content":{"rendered":"<p><span style=\"color: #0000ff;\"><i><b>De doux dingues<\/b><\/i><\/span> est une com\u00e9die de Michel Andr\u00e9 d&rsquo;apr\u00e8s Joseph Carole cr\u00e9\u00e9e en 1960 au th\u00e9\u00e2tre \u00c9douard VII.<\/p>\n<p>Elle a \u00e9t\u00e9 diffus\u00e9e pour la premi\u00e8re fois \u00e0 la t\u00e9l\u00e9vision le <time class=\"nowrap date-lien\" datetime=\"1972-01-24\">24 janvier 1972<\/time> sur la deuxi\u00e8me cha\u00eene de l&rsquo;ORTF dans le cadre de l&rsquo;\u00e9mission <i>Au th\u00e9\u00e2tre ce soir<\/i>.<\/p>\n<p><span style=\"color: #0000ff;\"><em><strong>R\u00e9sum\u00e9<\/strong><\/em><\/span><\/p>\n<p>Michel, ing\u00e9nieur dans les plastiques, vient de convoler en justes noces en Italie avec Sophie, une femme particuli\u00e8rement t\u00eate en l&rsquo;air. Il d\u00e9couvre, par la suite, qu&rsquo;elle a d\u00e9j\u00e0 trois enfants. De plus, elle est une fois grand-m\u00e8re, deux fois veuve et une fois divorc\u00e9e de Paul, son troisi\u00e8me mari, lequel g\u00e8re sa fortune.<\/p>\n<p>D\u00e9pass\u00e9 au d\u00e9but par les \u00e9v\u00e8nements, Michel r\u00e9ussira \u00e0 g\u00e9rer non sans difficult\u00e9s, cette encombrante famille, y compris la terrible tante Anna.<\/p>\n<p><span style=\"color: #0000ff;\"><em><strong>Distribution \u00e0 la Cancoillotte<\/strong><\/em><\/span><\/p>\n<p>Mise en sc\u00e8ne :<br \/>\nH\u00e9l\u00e8ne de Lachaise<br \/>\nKristel Molant<br \/>\nHenry Maury<\/p>\n<p>PAUL : Jean-Marie Marcoux<br \/>\nCOLETTE : Mich\u00e8le R\u00e9gnier<br \/>\nMARIE : B\u00e9atrice Pouletty<br \/>\nSOPHIE : Catherine Bougon<br \/>\nMICHEL : Bruno Guinchard<br \/>\nARTURO : Dominique Garnier<br \/>\nGEORGES : Thibault Laperche<br \/>\nTANTE ANNA : Monique Cordier<\/p>\n<p><strong><em><span style=\"color: #0000ff;\">Le Flyer<\/span><br \/>\n<\/em><\/strong><\/p>\n<style type=\"text\/css\">\n#foogallery-gallery-598.fg-masonry .fg-item { width: 150px; }\n#foogallery-gallery-598.fg-masonry { --fg-gutter: 10px; }<\/style>\n\t\t\t<div class=\"foogallery foogallery-container foogallery-masonry foogallery-lightbox-foobox fg-center fg-masonry fg-ready fg-light fg-border-thin fg-shadow-outline fg-loading-default fg-loaded-fade-in fg-caption-hover fg-hover-fade fg-hover-zoom fg-fixed\" id=\"foogallery-gallery-598\" data-foogallery=\"{&quot;item&quot;:{&quot;showCaptionTitle&quot;:true,&quot;showCaptionDescription&quot;:true},&quot;lazy&quot;:true,&quot;template&quot;:{&quot;columnWidth&quot;:150,&quot;gutter&quot;:10}}\" style=\"--fg-title-line-clamp: 0; --fg-description-line-clamp: 0;\" >\n\t\t<div class=\"fg-item fg-type-image fg-idle\"><figure class=\"fg-item-inner\"><a href=\"http:\/\/theatre-cancoillotte.fr\/wp-content\/uploads\/2018\/02\/De-doux-dingues-Flyer-recto.jpg\" data-attachment-id=\"596\" data-e-disable-page-transition=\"true\" data-type=\"image\" class=\"fg-thumb\"><span class=\"fg-image-wrap\"><img decoding=\"async\" width=\"150\" height=\"109\" class=\"skip-lazy fg-image\" data-src-fg=\"http:\/\/theatre-cancoillotte.fr\/wp-content\/uploads\/cache\/2018\/02\/De-doux-dingues-Flyer-recto\/2127650599.jpg\" src=\"data:image\/svg+xml,%3Csvg%20xmlns%3D%22http%3A%2F%2Fwww.w3.org%2F2000%2Fsvg%22%20width%3D%22150%22%20height%3D%22109%22%20viewBox%3D%220%200%20150%20109%22%3E%3C%2Fsvg%3E\" loading=\"eager\"><\/span><span class=\"fg-image-overlay\"><\/span><\/a><\/figure><div class=\"fg-loader\"><\/div><\/div><div class=\"fg-item fg-type-image fg-idle\"><figure class=\"fg-item-inner\"><a href=\"http:\/\/theatre-cancoillotte.fr\/wp-content\/uploads\/2018\/02\/De-doux-dingues-Flyer-verso.jpg\" data-attachment-id=\"736\" data-e-disable-page-transition=\"true\" data-type=\"image\" class=\"fg-thumb\"><span class=\"fg-image-wrap\"><img decoding=\"async\" width=\"150\" height=\"109\" class=\"skip-lazy fg-image\" data-src-fg=\"http:\/\/theatre-cancoillotte.fr\/wp-content\/uploads\/cache\/2018\/02\/De-doux-dingues-Flyer-verso\/788250645.jpg\" src=\"data:image\/svg+xml,%3Csvg%20xmlns%3D%22http%3A%2F%2Fwww.w3.org%2F2000%2Fsvg%22%20width%3D%22150%22%20height%3D%22109%22%20viewBox%3D%220%200%20150%20109%22%3E%3C%2Fsvg%3E\" loading=\"eager\"><\/span><span class=\"fg-image-overlay\"><\/span><\/a><\/figure><div class=\"fg-loader\"><\/div><\/div><\/div>\n","protected":false},"excerpt":{"rendered":"<p>De doux dingues est une com\u00e9die de Michel Andr\u00e9 d&rsquo;apr\u00e8s Joseph Carole cr\u00e9\u00e9e en 1960 au th\u00e9\u00e2tre \u00c9douard VII. Elle a \u00e9t\u00e9 diffus\u00e9e pour la premi\u00e8re fois \u00e0 la t\u00e9l\u00e9vision le 24 janvier 1972 sur la deuxi\u00e8me cha\u00eene de l&rsquo;ORTF dans le cadre de l&rsquo;\u00e9mission Au th\u00e9\u00e2tre ce soir. R\u00e9sum\u00e9 Michel, ing\u00e9nieur dans les plastiques,Lire la suite &rarr;<\/p>\n","protected":false},"author":1,"featured_media":0,"parent":0,"menu_order":0,"comment_status":"closed","ping_status":"closed","template":"","meta":{"sfsi_plus_gutenberg_text_before_share":"","sfsi_plus_gutenberg_show_text_before_share":"","sfsi_plus_gutenberg_icon_type":"","sfsi_plus_gutenberg_icon_alignemt":"","sfsi_plus_gutenburg_max_per_row":"","footnotes":""},"class_list":["post-542","page","type-page","status-publish","hentry","no-thumb"],"_links":{"self":[{"href":"http:\/\/theatre-cancoillotte.fr\/index.php\/wp-json\/wp\/v2\/pages\/542","targetHints":{"allow":["GET"]}}],"collection":[{"href":"http:\/\/theatre-cancoillotte.fr\/index.php\/wp-json\/wp\/v2\/pages"}],"about":[{"href":"http:\/\/theatre-cancoillotte.fr\/index.php\/wp-json\/wp\/v2\/types\/page"}],"author":[{"embeddable":true,"href":"http:\/\/theatre-cancoillotte.fr\/index.php\/wp-json\/wp\/v2\/users\/1"}],"replies":[{"embeddable":true,"href":"http:\/\/theatre-cancoillotte.fr\/index.php\/wp-json\/wp\/v2\/comments?post=542"}],"version-history":[{"count":7,"href":"http:\/\/theatre-cancoillotte.fr\/index.php\/wp-json\/wp\/v2\/pages\/542\/revisions"}],"predecessor-version":[{"id":545,"href":"http:\/\/theatre-cancoillotte.fr\/index.php\/wp-json\/wp\/v2\/pages\/542\/revisions\/545"}],"wp:attachment":[{"href":"http:\/\/theatre-cancoillotte.fr\/index.php\/wp-json\/wp\/v2\/media?parent=542"}],"curies":[{"name":"wp","href":"https:\/\/api.w.org\/{rel}","templated":true}]}}

<p><span style="color: #0000ff;"><i><b>De doux dingues</b></i></span> est une comédie de Michel André d&rsquo;après Joseph Carole créée en 1960 au théâtre Édouard VII.</p>
<p>Elle a été diffusée pour la première fois à la télévision le <time class="nowrap date-lien" datetime="1972-01-24">24 janvier 1972</time> sur la deuxième chaîne de l&rsquo;ORTF dans le cadre de l&rsquo;émission <i>Au théâtre ce soir</i>.</p>
<p><span style="color: #0000ff;"><em><strong>Résumé</strong></em></span></p>
<p>Michel, ingénieur dans les plastiques, vient de convoler en justes noces en Italie avec Sophie, une femme particulièrement tête en l&rsquo;air. Il découvre, par la suite, qu&rsquo;elle a déjà trois enfants. De plus, elle est une fois grand-mère, deux fois veuve et une fois divorcée de Paul, son troisième mari, lequel gère sa fortune.</p>
<p>Dépassé au début par les évènements, Michel réussira à gérer non sans difficultés, cette encombrante famille, y compris la terrible tante Anna.</p>
<p><span style="color: #0000ff;"><em><strong>Distribution à la Cancoillotte</strong></em></span></p>
<p>Mise en scène :<br />
Hélène de Lachaise<br />
Kristel Molant<br />
Henry Maury</p>
<p>PAUL : Jean-Marie Marcoux<br />
COLETTE : Michèle Régnier<br />
MARIE : Béatrice Pouletty<br />
SOPHIE : Catherine Bougon<br />
MICHEL : Bruno Guinchard<br />
ARTURO : Dominique Garnier<br />
GEORGES : Thibault Laperche<br />
TANTE ANNA : Monique Cordier</p>
<p><strong><em><span style="color: #0000ff;">Le Flyer</span><br />
</em></strong></p>
<style type="text/css">
#foogallery-gallery-598.fg-masonry .fg-item { width: 150px; }
#foogallery-gallery-598.fg-masonry { --fg-gutter: 10px; }</style>
			<div class="foogallery foogallery-container foogallery-masonry foogallery-lightbox-foobox fg-center fg-masonry fg-ready fg-light fg-border-thin fg-shadow-outline fg-loading-default fg-loaded-fade-in fg-caption-hover fg-hover-fade fg-hover-zoom fg-fixed" id="foogallery-gallery-598" data-foogallery="{&quot;item&quot;:{&quot;showCaptionTitle&quot;:true,&quot;showCaptionDescription&quot;:true},&quot;lazy&quot;:true,&quot;template&quot;:{&quot;columnWidth&quot;:150,&quot;gutter&quot;:10}}" style="--fg-title-line-clamp: 0; --fg-description-line-clamp: 0;" >
		<div class="fg-item fg-type-image fg-idle"><figure class="fg-item-inner"><a href="http://theatre-cancoillotte.fr/wp-content/uploads/2018/02/De-doux-dingues-Flyer-recto.jpg" data-attachment-id="596" data-e-disable-page-transition="true" data-type="image" class="fg-thumb"><span class="fg-image-wrap"><img decoding="async" width="150" height="109" class="skip-lazy fg-image" data-src-fg="http://theatre-cancoillotte.fr/wp-content/uploads/cache/2018/02/De-doux-dingues-Flyer-recto/2127650599.jpg" src="data:image/svg+xml,%3Csvg%20xmlns%3D%22http%3A%2F%2Fwww.w3.org%2F2000%2Fsvg%22%20width%3D%22150%22%20height%3D%22109%22%20viewBox%3D%220%200%20150%20109%22%3E%3C%2Fsvg%3E" loading="eager"></span><span class="fg-image-overlay"></span></a></figure><div class="fg-loader"></div></div><div class="fg-item fg-type-image fg-idle"><figure class="fg-item-inner"><a href="http://theatre-cancoillotte.fr/wp-content/uploads/2018/02/De-doux-dingues-Flyer-verso.jpg" data-attachment-id="736" data-e-disable-page-transition="true" data-type="image" class="fg-thumb"><span class="fg-image-wrap"><img decoding="async" width="150" height="109" class="skip-lazy fg-image" data-src-fg="http://theatre-cancoillotte.fr/wp-content/uploads/cache/2018/02/De-doux-dingues-Flyer-verso/788250645.jpg" src="data:image/svg+xml,%3Csvg%20xmlns%3D%22http%3A%2F%2Fwww.w3.org%2F2000%2Fsvg%22%20width%3D%22150%22%20height%3D%22109%22%20viewBox%3D%220%200%20150%20109%22%3E%3C%2Fsvg%3E" loading="eager"></span><span class="fg-image-overlay"></span></a></figure><div class="fg-loader"></div></div></div>

<p>De doux dingues est une comédie de Michel André d&rsquo;après Joseph Carole créée en 1960 au théâtre Édouard VII. Elle a été diffusée pour la première fois à la télévision le 24 janvier 1972 sur la deuxième chaîne de l&rsquo;ORTF dans le cadre de l&rsquo;émission Au théâtre ce soir. Résumé Michel, ingénieur dans les plastiques,Lire la suite &rarr;</p>
