{"id":547,"date":"2018-02-01T14:15:47","date_gmt":"2018-02-01T13:15:47","guid":{"rendered":"http:\/\/theatre-cancoillotte.fr\/?page_id=547"},"modified":"2018-02-09T20:00:33","modified_gmt":"2018-02-09T19:00:33","slug":"champbaudet","status":"publish","type":"page","link":"http:\/\/theatre-cancoillotte.fr\/index.php\/champbaudet\/","title":{"rendered":"La station Champbaudet"},"content":{"rendered":"<p><span style=\"color: #0000ff;\"><i><b>La Station Champbaudet<\/b><\/i><\/span> est une com\u00e9die-vaudeville en trois actes d&rsquo;Eug\u00e8ne Labiche, repr\u00e9sent\u00e9e pour la premi\u00e8re fois \u00e0 Paris sur le Th\u00e9\u00e2tre du Palais-Royal le 7 mars 1862.<\/p>\n<p><em><strong><span style=\"color: #0000ff;\">R\u00e9sum\u00e9<\/span><\/strong><\/em><\/p>\n<p>Madame Champbaudet, veuve m\u00fbre et encore d\u00e9bordante d&rsquo;affection, se cro\u00eet aim\u00e9e d&rsquo;un jeune architecte qui fr\u00e9quente assid\u00fbment son appartement. C&rsquo;est en r\u00e9alit\u00e9 la voisine qui attire le Don Juan, mais d\u00e9jou\u00e9 par le mari jaloux ses affaires ne vont pas tarder \u00e0 se g\u00e2ter s\u00e9rieusement.<\/p>\n<p><em><strong><span style=\"color: #0000ff;\">Distribution \u00e0 la Cancoillotte<\/span><\/strong><\/em><\/p>\n<p>Mise en sc\u00e8ne : Catherine Bougon<br \/>\nAssist\u00e9e de : Jean-Fran\u00e7ois Bougon<\/p>\n<p>MADAME CHAMPBAUDET : H\u00e9l\u00e8ne Guilbert<br \/>\nARS\u00c8NE : Mich\u00e8le R\u00e9gnier<br \/>\nPAUL TAGAREL : Jean-Marie Marcoux<br \/>\nTH\u00c9ODORE GARAMBOIS : Xavier Matte<br \/>\nLA DAME VOIL\u00c9E : Claude Fournier<br \/>\nVICTOIRE : B\u00e9atrice Pouletty<br \/>\nMONSIEUR LETRINQUIER : Fran\u00e7ois Gourdault-Montagne<br \/>\nNINA LETRINQUIER : H\u00e9l\u00e8ne de Lachaise<br \/>\nCAROLINE LETRINQUIER : Ari\u00e8le Guinchard<br \/>\nLES INVIT\u00c9S :<br \/>\nG\u00e9rard Pouletty, Monique Cordier, Pierre de Vesvrotte, Charlotte Descamps, Sylvie Petiteau, Claude Fournier, V\u00e9ronique Palissot, Odile Marcoux<br \/>\nEDMOND DUROZOIR : Yves de Dreux-Br\u00e9z\u00e9<br \/>\nLA COMPARSE : Emmanuelle Garnier<br \/>\nLES MUSICIENS :<br \/>\nBruno Guinchard, violon<br \/>\nAmandine Guinchard, violoncelle<br \/>\nPierre-Yves Petiteau, guitare<br \/>\nEva Pedrocchi, piano<br \/>\nRapha\u00eblle Dromard et Christian Lafaye, trompe de chasse<\/p>\n<p><em><strong><span style=\"color: #0000ff;\">Affiche, flyer et photos<\/span><\/strong><\/em><\/p>\n<style type=\"text\/css\">\n#foogallery-gallery-609.fg-masonry .fg-item { width: 150px; }\n#foogallery-gallery-609.fg-masonry { --fg-gutter: 10px; }<\/style>\n\t\t\t<div class=\"foogallery foogallery-container foogallery-masonry foogallery-lightbox-foobox fg-center fg-masonry fg-ready fg-light fg-border-thin fg-shadow-outline fg-loading-default fg-loaded-fade-in fg-caption-hover fg-hover-fade fg-hover-zoom fg-fixed\" id=\"foogallery-gallery-609\" data-foogallery=\"{&quot;item&quot;:{&quot;showCaptionTitle&quot;:true,&quot;showCaptionDescription&quot;:true},&quot;lazy&quot;:true,&quot;template&quot;:{&quot;columnWidth&quot;:150,&quot;gutter&quot;:10}}\" style=\"--fg-title-line-clamp: 0; --fg-description-line-clamp: 0;\" >\n\t\t<div class=\"fg-item fg-type-image fg-idle\"><figure class=\"fg-item-inner\"><a href=\"http:\/\/theatre-cancoillotte.fr\/wp-content\/uploads\/2018\/02\/Chambaudet-Affiche.jpg\" data-attachment-id=\"757\" data-e-disable-page-transition=\"true\" data-type=\"image\" class=\"fg-thumb\"><span class=\"fg-image-wrap\"><img decoding=\"async\" width=\"150\" height=\"317\" class=\"skip-lazy fg-image\" data-src-fg=\"http:\/\/theatre-cancoillotte.fr\/wp-content\/uploads\/cache\/2018\/02\/Chambaudet-Affiche\/230710433.jpg\" src=\"data:image\/svg+xml,%3Csvg%20xmlns%3D%22http%3A%2F%2Fwww.w3.org%2F2000%2Fsvg%22%20width%3D%22150%22%20height%3D%22317%22%20viewBox%3D%220%200%20150%20317%22%3E%3C%2Fsvg%3E\" loading=\"eager\"><\/span><span class=\"fg-image-overlay\"><\/span><\/a><\/figure><div class=\"fg-loader\"><\/div><\/div><div class=\"fg-item fg-type-image fg-idle\"><figure class=\"fg-item-inner\"><a href=\"http:\/\/theatre-cancoillotte.fr\/wp-content\/uploads\/2018\/02\/Champbaudet-Flyer-recto.jpg\" data-attachment-id=\"607\" data-e-disable-page-transition=\"true\" data-type=\"image\" class=\"fg-thumb\"><span class=\"fg-image-wrap\"><img decoding=\"async\" width=\"150\" height=\"109\" class=\"skip-lazy fg-image\" data-src-fg=\"http:\/\/theatre-cancoillotte.fr\/wp-content\/uploads\/cache\/2018\/02\/Champbaudet-Flyer-recto\/58721695.jpg\" src=\"data:image\/svg+xml,%3Csvg%20xmlns%3D%22http%3A%2F%2Fwww.w3.org%2F2000%2Fsvg%22%20width%3D%22150%22%20height%3D%22109%22%20viewBox%3D%220%200%20150%20109%22%3E%3C%2Fsvg%3E\" loading=\"eager\"><\/span><span class=\"fg-image-overlay\"><\/span><\/a><\/figure><div class=\"fg-loader\"><\/div><\/div><div class=\"fg-item fg-type-image fg-idle\"><figure class=\"fg-item-inner\"><a href=\"http:\/\/theatre-cancoillotte.fr\/wp-content\/uploads\/2018\/02\/Champbaudet-Flyer-verso.jpg\" data-attachment-id=\"608\" data-e-disable-page-transition=\"true\" data-type=\"image\" class=\"fg-thumb\"><span class=\"fg-image-wrap\"><img decoding=\"async\" width=\"150\" height=\"109\" class=\"skip-lazy fg-image\" data-src-fg=\"http:\/\/theatre-cancoillotte.fr\/wp-content\/uploads\/cache\/2018\/02\/Champbaudet-Flyer-verso\/1717569317.jpg\" src=\"data:image\/svg+xml,%3Csvg%20xmlns%3D%22http%3A%2F%2Fwww.w3.org%2F2000%2Fsvg%22%20width%3D%22150%22%20height%3D%22109%22%20viewBox%3D%220%200%20150%20109%22%3E%3C%2Fsvg%3E\" loading=\"eager\"><\/span><span class=\"fg-image-overlay\"><\/span><\/a><\/figure><div class=\"fg-loader\"><\/div><\/div><div class=\"fg-item fg-type-image fg-idle\"><figure class=\"fg-item-inner\"><a href=\"http:\/\/theatre-cancoillotte.fr\/wp-content\/uploads\/2020\/05\/Station-Chambaudet.jpg\" data-attachment-id=\"1131\" data-e-disable-page-transition=\"true\" data-type=\"image\" class=\"fg-thumb\"><span class=\"fg-image-wrap\"><img decoding=\"async\" width=\"150\" height=\"106\" class=\"skip-lazy fg-image\" data-src-fg=\"http:\/\/theatre-cancoillotte.fr\/wp-content\/uploads\/cache\/2020\/05\/Station-Chambaudet\/2542894964.jpg\" src=\"data:image\/svg+xml,%3Csvg%20xmlns%3D%22http%3A%2F%2Fwww.w3.org%2F2000%2Fsvg%22%20width%3D%22150%22%20height%3D%22106%22%20viewBox%3D%220%200%20150%20106%22%3E%3C%2Fsvg%3E\" loading=\"eager\"><\/span><span class=\"fg-image-overlay\"><\/span><\/a><\/figure><div class=\"fg-loader\"><\/div><\/div><\/div>\n","protected":false},"excerpt":{"rendered":"<p>La Station Champbaudet est une com\u00e9die-vaudeville en trois actes d&rsquo;Eug\u00e8ne Labiche, repr\u00e9sent\u00e9e pour la premi\u00e8re fois \u00e0 Paris sur le Th\u00e9\u00e2tre du Palais-Royal le 7 mars 1862. R\u00e9sum\u00e9 Madame Champbaudet, veuve m\u00fbre et encore d\u00e9bordante d&rsquo;affection, se cro\u00eet aim\u00e9e d&rsquo;un jeune architecte qui fr\u00e9quente assid\u00fbment son appartement. C&rsquo;est en r\u00e9alit\u00e9 la voisine qui attire leLire la suite &rarr;<\/p>\n","protected":false},"author":1,"featured_media":0,"parent":0,"menu_order":0,"comment_status":"closed","ping_status":"closed","template":"","meta":{"sfsi_plus_gutenberg_text_before_share":"","sfsi_plus_gutenberg_show_text_before_share":"","sfsi_plus_gutenberg_icon_type":"","sfsi_plus_gutenberg_icon_alignemt":"","sfsi_plus_gutenburg_max_per_row":"","footnotes":""},"class_list":["post-547","page","type-page","status-publish","hentry","no-thumb"],"_links":{"self":[{"href":"http:\/\/theatre-cancoillotte.fr\/index.php\/wp-json\/wp\/v2\/pages\/547","targetHints":{"allow":["GET"]}}],"collection":[{"href":"http:\/\/theatre-cancoillotte.fr\/index.php\/wp-json\/wp\/v2\/pages"}],"about":[{"href":"http:\/\/theatre-cancoillotte.fr\/index.php\/wp-json\/wp\/v2\/types\/page"}],"author":[{"embeddable":true,"href":"http:\/\/theatre-cancoillotte.fr\/index.php\/wp-json\/wp\/v2\/users\/1"}],"replies":[{"embeddable":true,"href":"http:\/\/theatre-cancoillotte.fr\/index.php\/wp-json\/wp\/v2\/comments?post=547"}],"version-history":[{"count":6,"href":"http:\/\/theatre-cancoillotte.fr\/index.php\/wp-json\/wp\/v2\/pages\/547\/revisions"}],"predecessor-version":[{"id":762,"href":"http:\/\/theatre-cancoillotte.fr\/index.php\/wp-json\/wp\/v2\/pages\/547\/revisions\/762"}],"wp:attachment":[{"href":"http:\/\/theatre-cancoillotte.fr\/index.php\/wp-json\/wp\/v2\/media?parent=547"}],"curies":[{"name":"wp","href":"https:\/\/api.w.org\/{rel}","templated":true}]}}