{"id":557,"date":"2018-02-01T14:36:19","date_gmt":"2018-02-01T13:36:19","guid":{"rendered":"http:\/\/theatre-cancoillotte.fr\/?page_id=557"},"modified":"2018-02-04T22:45:02","modified_gmt":"2018-02-04T21:45:02","slug":"sassafras","status":"publish","type":"page","link":"http:\/\/theatre-cancoillotte.fr\/index.php\/sassafras\/","title":{"rendered":"Du vent dans les branches de sassafras"},"content":{"rendered":"<p><em><strong><span style=\"color: #0000ff;\">Du vent dans les branches de sassafras<\/span><\/strong><\/em> est une com\u00e9die en deux actes, parodie d&rsquo;un western am\u00e9ricain des ann\u00e9es 1950, a \u00e9t\u00e9 \u00e9crite par le dramaturge, romancier et acad\u00e9micien Ren\u00e9 de Obaldia. Lors de sa premi\u00e8re de repr\u00e9sentation, en 1965, la mise en sc\u00e8ne de l&rsquo;\u0153uvre Du vent dans les branches de sassafras est dirig\u00e9e par Ren\u00e9 Dupuy. \u00c0 sa cr\u00e9ation, ainsi qu&rsquo;\u00e0 ses repr\u00e9sentations suivantes, la distribution de la pi\u00e8ce est, concernant les r\u00f4les principaux, assur\u00e9e par Michel Simon, dans le r\u00f4le de John Emery Rockefeller ; par Fran\u00e7oise Seigner, dans celui de Caroline, l&rsquo;\u00e9pouse de John ; par Caroline Cellier, dans celui de la fille, Pamela ; et enfin par Bernard Murat, dans le r\u00f4le du fils, Tom.<\/p>\n<p><em><strong><span style=\"color: #0000ff;\">R\u00e9sum\u00e9<\/span><\/strong><\/em><\/p>\n<p>Le rideau se l\u00e8ve sur une salle-\u00e0-manger \u00e0 la d\u00e9coration sobre. La sc\u00e8ne se d\u00e9roule au d\u00e9but du <abbr class=\"abbr\" title=\"19\u1d49 si\u00e8cle\"><span class=\"romain\">XIX<\/span><sup>e<\/sup><\/abbr>\u00a0si\u00e8cle, dans une demeure familiale, situ\u00e9e au sein d&rsquo;un ranch de l&rsquo;\u00c9tat du Kentucky, au Sud-Est des \u00c9tats-Unis.<\/p>\n<p>Chez les Rockefeller, famille de colons britanniques sans-le-sou, la table est dress\u00e9e.<sup id=\"cite_ref-du-vent-branches-sassafras-Obaldia-synopsis-data-num\u00e9rique_2-1\" class=\"reference\"><\/sup><\/p>\n<p>John Emery, patriarche de <span class=\"nowrap\">70 ans<\/span> \u00e0 l&rsquo;aspect \u00e9chevel\u00e9 et \u00e0 la voix \u00e9raill\u00e9e, se r\u00e9v\u00e8le comme un <span class=\"citation\">\u00ab\u00a0dur \u00e0 cuire\u00a0\u00bb<\/span>. C&rsquo;est un vieux cow-boy au temp\u00e9rament sanguin et \u00e0 la verve directe et fleurie. Son \u00e9pouse Pamela, une femme d&rsquo;une cinquantaine d&rsquo;ann\u00e9es \u00e0 la personnalit\u00e9 habituellement calme et apaisante, fait preuve d&rsquo;un solide discernement. Le couple Rockefeller a produit deux enfants\u00a0: une fille, Pamela, une magnifique jeune femme au caract\u00e8re aguicheur\u00a0; et un fils, Tom, inv\u00e9t\u00e9r\u00e9 m\u00e2cheur de <span class=\"lang-en\" lang=\"en\">chewing-gum<\/span>, le prototype m\u00eame du jeune chenapan<sup id=\"cite_ref-Vent-branches-sassafras-Obaldia-parodie-western-synopsis-biblioth\u00e8que-nationale_3-5\" class=\"reference\"><\/sup>.<\/p>\n<p>Le personnage principal, le vieux patriarche am\u00e9ricain John Rockefeller, est compl\u00e8tement d\u00e9pass\u00e9 par les \u00e9v\u00e8nements\u00a0: il doit simultan\u00e9ment faire face aux perp\u00e9tuelles attaques d&rsquo;Indiens <span class=\"citation\">\u00ab\u00a0hauts en couleur\u00a0\u00bb<\/span>, aux multiples imbroglios romantiques qui se jouent au sein de son foyer, \u00e0 la brusque crise de d\u00e9mence de sa femme et enfin aux \u00e9garements alcoolis\u00e9s du m\u00e9decin local, le Docteur Buttler, un homme particuli\u00e8rement port\u00e9 sur la boisson &#8230;<\/p>\n<p><em><strong><span style=\"color: #0000ff;\">Distribution \u00e0 la Cancoillotte<\/span><\/strong><\/em><\/p>\n<p>Mise en sc\u00e8ne : Mich\u00e8le R\u00e9gnier<\/p>\n<p>CAROLINE : Fran\u00e7ois Gourdault-Montagne<br \/>\nPAM\u00c9LA : Aude Fichot<br \/>\nMIRIAM : Laurence Gourdault-Montagne<br \/>\nJOHN-EMERY ROCKFELLER : Pierre Arnaud<br \/>\nWILLIAM BUTTLER : Yves de Dreux-Br\u00e9z\u00e9<br \/>\nTOM : Fran\u00e7ois Gilson<br \/>\nCARLOS : Bruno Guinchard<\/p>\n<p><em><strong><span style=\"color: #0000ff;\">Le Flyer et les photos<\/span><\/strong><\/em><\/p>\n<style type=\"text\/css\">\n#foogallery-gallery-631.fg-masonry .fg-item { width: 150px; }\n#foogallery-gallery-631.fg-masonry { --fg-gutter: 10px; }<\/style>\n\t\t\t<div class=\"foogallery foogallery-container foogallery-masonry foogallery-lightbox-foobox fg-center fg-masonry fg-ready fg-light fg-border-thin fg-shadow-outline fg-loading-default fg-loaded-fade-in fg-caption-hover fg-hover-fade fg-hover-zoom fg-fixed\" id=\"foogallery-gallery-631\" data-foogallery=\"{&quot;item&quot;:{&quot;showCaptionTitle&quot;:true,&quot;showCaptionDescription&quot;:true},&quot;lazy&quot;:true,&quot;template&quot;:{&quot;columnWidth&quot;:150,&quot;gutter&quot;:10}}\" style=\"--fg-title-line-clamp: 0; --fg-description-line-clamp: 0;\" >\n\t\t<div class=\"fg-item fg-type-image fg-idle\"><figure class=\"fg-item-inner\"><a href=\"http:\/\/theatre-cancoillotte.fr\/wp-content\/uploads\/2018\/02\/Sassafras-Flyer-recto.jpg\" data-attachment-id=\"629\" data-e-disable-page-transition=\"true\" data-type=\"image\" class=\"fg-thumb\"><span class=\"fg-image-wrap\"><img decoding=\"async\" width=\"150\" height=\"109\" class=\"skip-lazy fg-image\" data-src-fg=\"http:\/\/theatre-cancoillotte.fr\/wp-content\/uploads\/cache\/2018\/02\/Sassafras-Flyer-recto\/1924526535.jpg\" src=\"data:image\/svg+xml,%3Csvg%20xmlns%3D%22http%3A%2F%2Fwww.w3.org%2F2000%2Fsvg%22%20width%3D%22150%22%20height%3D%22109%22%20viewBox%3D%220%200%20150%20109%22%3E%3C%2Fsvg%3E\" loading=\"eager\"><\/span><span class=\"fg-image-overlay\"><\/span><\/a><\/figure><div class=\"fg-loader\"><\/div><\/div><div class=\"fg-item fg-type-image fg-idle\"><figure class=\"fg-item-inner\"><a href=\"http:\/\/theatre-cancoillotte.fr\/wp-content\/uploads\/2018\/02\/Sassafras-Flyer-verso.jpg\" data-attachment-id=\"738\" data-e-disable-page-transition=\"true\" data-type=\"image\" class=\"fg-thumb\"><span class=\"fg-image-wrap\"><img decoding=\"async\" width=\"150\" height=\"109\" class=\"skip-lazy fg-image\" data-src-fg=\"http:\/\/theatre-cancoillotte.fr\/wp-content\/uploads\/cache\/2018\/02\/Sassafras-Flyer-verso\/4257500058.jpg\" src=\"data:image\/svg+xml,%3Csvg%20xmlns%3D%22http%3A%2F%2Fwww.w3.org%2F2000%2Fsvg%22%20width%3D%22150%22%20height%3D%22109%22%20viewBox%3D%220%200%20150%20109%22%3E%3C%2Fsvg%3E\" loading=\"eager\"><\/span><span class=\"fg-image-overlay\"><\/span><\/a><\/figure><div class=\"fg-loader\"><\/div><\/div><div class=\"fg-item fg-type-image fg-idle\"><figure class=\"fg-item-inner\"><a href=\"http:\/\/theatre-cancoillotte.fr\/wp-content\/uploads\/2020\/05\/Sassafras-02.jpg\" data-attachment-id=\"1140\" data-e-disable-page-transition=\"true\" data-type=\"image\" class=\"fg-thumb\"><span class=\"fg-image-wrap\"><img decoding=\"async\" width=\"150\" height=\"212\" class=\"skip-lazy fg-image\" data-src-fg=\"http:\/\/theatre-cancoillotte.fr\/wp-content\/uploads\/cache\/2020\/05\/Sassafras-02\/1951943561.jpg\" src=\"data:image\/svg+xml,%3Csvg%20xmlns%3D%22http%3A%2F%2Fwww.w3.org%2F2000%2Fsvg%22%20width%3D%22150%22%20height%3D%22212%22%20viewBox%3D%220%200%20150%20212%22%3E%3C%2Fsvg%3E\" loading=\"eager\"><\/span><span class=\"fg-image-overlay\"><\/span><\/a><\/figure><div class=\"fg-loader\"><\/div><\/div><div class=\"fg-item fg-type-image fg-idle\"><figure class=\"fg-item-inner\"><a href=\"http:\/\/theatre-cancoillotte.fr\/wp-content\/uploads\/2020\/05\/Sassafras-01.jpg\" data-attachment-id=\"1139\" data-e-disable-page-transition=\"true\" data-type=\"image\" class=\"fg-thumb\"><span class=\"fg-image-wrap\"><img decoding=\"async\" width=\"150\" height=\"212\" class=\"skip-lazy fg-image\" data-src-fg=\"http:\/\/theatre-cancoillotte.fr\/wp-content\/uploads\/cache\/2020\/05\/Sassafras-01\/2419713668.jpg\" src=\"data:image\/svg+xml,%3Csvg%20xmlns%3D%22http%3A%2F%2Fwww.w3.org%2F2000%2Fsvg%22%20width%3D%22150%22%20height%3D%22212%22%20viewBox%3D%220%200%20150%20212%22%3E%3C%2Fsvg%3E\" loading=\"eager\"><\/span><span class=\"fg-image-overlay\"><\/span><\/a><\/figure><div class=\"fg-loader\"><\/div><\/div><\/div>\n","protected":false},"excerpt":{"rendered":"<p>Du vent dans les branches de sassafras est une com\u00e9die en deux actes, parodie d&rsquo;un western am\u00e9ricain des ann\u00e9es 1950, a \u00e9t\u00e9 \u00e9crite par le dramaturge, romancier et acad\u00e9micien Ren\u00e9 de Obaldia. Lors de sa premi\u00e8re de repr\u00e9sentation, en 1965, la mise en sc\u00e8ne de l&rsquo;\u0153uvre Du vent dans les branches de sassafras est dirig\u00e9eLire la suite &rarr;<\/p>\n","protected":false},"author":1,"featured_media":0,"parent":0,"menu_order":0,"comment_status":"closed","ping_status":"closed","template":"","meta":{"sfsi_plus_gutenberg_text_before_share":"","sfsi_plus_gutenberg_show_text_before_share":"","sfsi_plus_gutenberg_icon_type":"","sfsi_plus_gutenberg_icon_alignemt":"","sfsi_plus_gutenburg_max_per_row":"","footnotes":""},"class_list":["post-557","page","type-page","status-publish","hentry","no-thumb"],"_links":{"self":[{"href":"http:\/\/theatre-cancoillotte.fr\/index.php\/wp-json\/wp\/v2\/pages\/557","targetHints":{"allow":["GET"]}}],"collection":[{"href":"http:\/\/theatre-cancoillotte.fr\/index.php\/wp-json\/wp\/v2\/pages"}],"about":[{"href":"http:\/\/theatre-cancoillotte.fr\/index.php\/wp-json\/wp\/v2\/types\/page"}],"author":[{"embeddable":true,"href":"http:\/\/theatre-cancoillotte.fr\/index.php\/wp-json\/wp\/v2\/users\/1"}],"replies":[{"embeddable":true,"href":"http:\/\/theatre-cancoillotte.fr\/index.php\/wp-json\/wp\/v2\/comments?post=557"}],"version-history":[{"count":7,"href":"http:\/\/theatre-cancoillotte.fr\/index.php\/wp-json\/wp\/v2\/pages\/557\/revisions"}],"predecessor-version":[{"id":559,"href":"http:\/\/theatre-cancoillotte.fr\/index.php\/wp-json\/wp\/v2\/pages\/557\/revisions\/559"}],"wp:attachment":[{"href":"http:\/\/theatre-cancoillotte.fr\/index.php\/wp-json\/wp\/v2\/media?parent=557"}],"curies":[{"name":"wp","href":"https:\/\/api.w.org\/{rel}","templated":true}]}}

<p><em><strong><span style="color: #0000ff;">Du vent dans les branches de sassafras</span></strong></em> est une comédie en deux actes, parodie d&rsquo;un western américain des années 1950, a été écrite par le dramaturge, romancier et académicien René de Obaldia. Lors de sa première de représentation, en 1965, la mise en scène de l&rsquo;œuvre Du vent dans les branches de sassafras est dirigée par René Dupuy. À sa création, ainsi qu&rsquo;à ses représentations suivantes, la distribution de la pièce est, concernant les rôles principaux, assurée par Michel Simon, dans le rôle de John Emery Rockefeller ; par Françoise Seigner, dans celui de Caroline, l&rsquo;épouse de John ; par Caroline Cellier, dans celui de la fille, Pamela ; et enfin par Bernard Murat, dans le rôle du fils, Tom.</p>
<p><em><strong><span style="color: #0000ff;">Résumé</span></strong></em></p>
<p>Le rideau se lève sur une salle-à-manger à la décoration sobre. La scène se déroule au début du <abbr class="abbr" title="19ᵉ siècle"><span class="romain">XIX</span><sup>e</sup></abbr> siècle, dans une demeure familiale, située au sein d&rsquo;un ranch de l&rsquo;État du Kentucky, au Sud-Est des États-Unis.</p>
<p>Chez les Rockefeller, famille de colons britanniques sans-le-sou, la table est dressée.<sup id="cite_ref-du-vent-branches-sassafras-Obaldia-synopsis-data-numérique_2-1" class="reference"></sup></p>
<p>John Emery, patriarche de <span class="nowrap">70 ans</span> à l&rsquo;aspect échevelé et à la voix éraillée, se révèle comme un <span class="citation">« dur à cuire »</span>. C&rsquo;est un vieux cow-boy au tempérament sanguin et à la verve directe et fleurie. Son épouse Pamela, une femme d&rsquo;une cinquantaine d&rsquo;années à la personnalité habituellement calme et apaisante, fait preuve d&rsquo;un solide discernement. Le couple Rockefeller a produit deux enfants : une fille, Pamela, une magnifique jeune femme au caractère aguicheur ; et un fils, Tom, invétéré mâcheur de <span class="lang-en" lang="en">chewing-gum</span>, le prototype même du jeune chenapan<sup id="cite_ref-Vent-branches-sassafras-Obaldia-parodie-western-synopsis-bibliothèque-nationale_3-5" class="reference"></sup>.</p>
<p>Le personnage principal, le vieux patriarche américain John Rockefeller, est complètement dépassé par les évènements : il doit simultanément faire face aux perpétuelles attaques d&rsquo;Indiens <span class="citation">« hauts en couleur »</span>, aux multiples imbroglios romantiques qui se jouent au sein de son foyer, à la brusque crise de démence de sa femme et enfin aux égarements alcoolisés du médecin local, le Docteur Buttler, un homme particulièrement porté sur la boisson &#8230;</p>
<p><em><strong><span style="color: #0000ff;">Distribution à la Cancoillotte</span></strong></em></p>
<p>Mise en scène : Michèle Régnier</p>
<p>CAROLINE : François Gourdault-Montagne<br />
PAMÉLA : Aude Fichot<br />
MIRIAM : Laurence Gourdault-Montagne<br />
JOHN-EMERY ROCKFELLER : Pierre Arnaud<br />
WILLIAM BUTTLER : Yves de Dreux-Brézé<br />
TOM : François Gilson<br />
CARLOS : Bruno Guinchard</p>
<p><em><strong><span style="color: #0000ff;">Le Flyer et les photos</span></strong></em></p>
<style type="text/css">
#foogallery-gallery-631.fg-masonry .fg-item { width: 150px; }
#foogallery-gallery-631.fg-masonry { --fg-gutter: 10px; }</style>
			<div class="foogallery foogallery-container foogallery-masonry foogallery-lightbox-foobox fg-center fg-masonry fg-ready fg-light fg-border-thin fg-shadow-outline fg-loading-default fg-loaded-fade-in fg-caption-hover fg-hover-fade fg-hover-zoom fg-fixed" id="foogallery-gallery-631" data-foogallery="{&quot;item&quot;:{&quot;showCaptionTitle&quot;:true,&quot;showCaptionDescription&quot;:true},&quot;lazy&quot;:true,&quot;template&quot;:{&quot;columnWidth&quot;:150,&quot;gutter&quot;:10}}" style="--fg-title-line-clamp: 0; --fg-description-line-clamp: 0;" >
		<div class="fg-item fg-type-image fg-idle"><figure class="fg-item-inner"><a href="http://theatre-cancoillotte.fr/wp-content/uploads/2018/02/Sassafras-Flyer-recto.jpg" data-attachment-id="629" data-e-disable-page-transition="true" data-type="image" class="fg-thumb"><span class="fg-image-wrap"><img decoding="async" width="150" height="109" class="skip-lazy fg-image" data-src-fg="http://theatre-cancoillotte.fr/wp-content/uploads/cache/2018/02/Sassafras-Flyer-recto/1924526535.jpg" src="data:image/svg+xml,%3Csvg%20xmlns%3D%22http%3A%2F%2Fwww.w3.org%2F2000%2Fsvg%22%20width%3D%22150%22%20height%3D%22109%22%20viewBox%3D%220%200%20150%20109%22%3E%3C%2Fsvg%3E" loading="eager"></span><span class="fg-image-overlay"></span></a></figure><div class="fg-loader"></div></div><div class="fg-item fg-type-image fg-idle"><figure class="fg-item-inner"><a href="http://theatre-cancoillotte.fr/wp-content/uploads/2018/02/Sassafras-Flyer-verso.jpg" data-attachment-id="738" data-e-disable-page-transition="true" data-type="image" class="fg-thumb"><span class="fg-image-wrap"><img decoding="async" width="150" height="109" class="skip-lazy fg-image" data-src-fg="http://theatre-cancoillotte.fr/wp-content/uploads/cache/2018/02/Sassafras-Flyer-verso/4257500058.jpg" src="data:image/svg+xml,%3Csvg%20xmlns%3D%22http%3A%2F%2Fwww.w3.org%2F2000%2Fsvg%22%20width%3D%22150%22%20height%3D%22109%22%20viewBox%3D%220%200%20150%20109%22%3E%3C%2Fsvg%3E" loading="eager"></span><span class="fg-image-overlay"></span></a></figure><div class="fg-loader"></div></div><div class="fg-item fg-type-image fg-idle"><figure class="fg-item-inner"><a href="http://theatre-cancoillotte.fr/wp-content/uploads/2020/05/Sassafras-02.jpg" data-attachment-id="1140" data-e-disable-page-transition="true" data-type="image" class="fg-thumb"><span class="fg-image-wrap"><img decoding="async" width="150" height="212" class="skip-lazy fg-image" data-src-fg="http://theatre-cancoillotte.fr/wp-content/uploads/cache/2020/05/Sassafras-02/1951943561.jpg" src="data:image/svg+xml,%3Csvg%20xmlns%3D%22http%3A%2F%2Fwww.w3.org%2F2000%2Fsvg%22%20width%3D%22150%22%20height%3D%22212%22%20viewBox%3D%220%200%20150%20212%22%3E%3C%2Fsvg%3E" loading="eager"></span><span class="fg-image-overlay"></span></a></figure><div class="fg-loader"></div></div><div class="fg-item fg-type-image fg-idle"><figure class="fg-item-inner"><a href="http://theatre-cancoillotte.fr/wp-content/uploads/2020/05/Sassafras-01.jpg" data-attachment-id="1139" data-e-disable-page-transition="true" data-type="image" class="fg-thumb"><span class="fg-image-wrap"><img decoding="async" width="150" height="212" class="skip-lazy fg-image" data-src-fg="http://theatre-cancoillotte.fr/wp-content/uploads/cache/2020/05/Sassafras-01/2419713668.jpg" src="data:image/svg+xml,%3Csvg%20xmlns%3D%22http%3A%2F%2Fwww.w3.org%2F2000%2Fsvg%22%20width%3D%22150%22%20height%3D%22212%22%20viewBox%3D%220%200%20150%20212%22%3E%3C%2Fsvg%3E" loading="eager"></span><span class="fg-image-overlay"></span></a></figure><div class="fg-loader"></div></div></div>

<p>Du vent dans les branches de sassafras est une comédie en deux actes, parodie d&rsquo;un western américain des années 1950, a été écrite par le dramaturge, romancier et académicien René de Obaldia. Lors de sa première de représentation, en 1965, la mise en scène de l&rsquo;œuvre Du vent dans les branches de sassafras est dirigéeLire la suite &rarr;</p>
